usa flag      new mexico flag

Language: 

LomaPinon Weather

 Latitude N 35° 16' 56"    Longitude W 106° 43' 12"    Elevation 5697 ft

NOAA Stlye Reports for LomaPinon

Select a Year or Month report

Report for 2017 Oct
                   Monthly Climatological Summary for Oct 2017

Name: LomaPinon   City: Rio Rancho   State: New Mexico
Elevation: 5697 ft  Lat: N 35° 16' 56"   Lon: W 106° 43' 13"

                  Temperature (°F), Rain (in), Wind Speed (mph)

                                      Heat  Cool        Avg
    Mean                              Deg   Deg         Wind                 Dom
Day Temp  High   Time   Low    Time   Days  Days  Rain  Speed High   Time    Dir
----------------------------------------------------------------------------------
 1  64.0  79.4   15:42  51.6   04:22   5.0   4.0  0.01   1.2  16.0   12:52   SSW
 2  65.9  81.7   15:07  51.4   08:00   4.3   5.2  0.00   1.5  22.0   14:46   SSW
 3  66.1  82.6   15:07  49.8   06:52   4.3   5.4  0.00   0.5  13.0   15:42   SSE
 4  67.0  81.6   15:34  58.8   04:23   1.7   3.7  0.00   0.7  22.0   16:58   SSW
 5  65.3  75.5   15:53  59.0   07:24   2.0   2.3  0.14   0.2   8.0   13:09   NNE
 6  64.0  80.2   13:07  50.7   22:43   4.4   3.4  0.01   3.4  25.0   15:39   WNW
 7  58.7  76.6   15:57  44.8   07:26   8.3   2.0  0.00   2.2  15.0   12:14    NW
 8  60.5  77.5   14:06  42.3   07:57   7.7   3.2  0.00   0.8  13.0   21:02     S
 9  54.0  60.7   00:08  42.0   23:14  11.1   0.0  0.00   5.2  25.0   15:36    NW
10  48.5  65.0   14:59  33.3   07:49  16.0   0.0  0.00   1.3  13.0   00:12     N
11  54.7  72.4   15:07  38.9   06:04  11.4   1.1  0.00   0.5   9.0   10:51     S
12  62.7  80.7   15:02  46.6   04:16   6.5   4.1  0.00   1.0  15.0   14:48     S
13  66.7  82.5   14:05  48.9   07:42   3.6   5.3  0.00   0.7  14.0   14:56   SSW
14  64.2  80.1   15:01  50.2   07:39   4.7   3.9  0.00   2.2  20.0   15:41    NW
15  53.5  69.5   14:48  38.5   07:46  11.9   0.4  0.00   1.8  13.0   09:15   NNW
16  56.3  75.2   15:00  40.5   06:40  10.4   1.7  0.00   1.0  10.0   16:26    SW
----------------------------------------------------------------------------------
    60.8  82.6     3    33.3    10   113.3  45.7  0.16   1.5  25.0     6     WNW

Max >=  90.0:  0
Max <=  32.0:  0
Min <=  32.0:  0
Min <=   0.0:  0
Max Rain: 0.14 on day 5
Days of Rain: 3 (>= 0.01 in)  1 (>= 0.10 in)  0 (>= 1.00 in)
Heat Base: 65.0  Cool Base: 65.0  Method: Integration
top