usa flag      new mexico flag

Language: 

LomaPinon Weather

 Latitude N 35° 16' 56"    Longitude W 106° 43' 12"    Elevation 5697 ft

NOAA Stlye Reports for LomaPinon

Select a Year or Month report
V/Λ2019 > Jan Feb Mar Apr May Jun Jul Aug Sep Oct Nov Dec
V/Λ2018 > Jan Feb Mar Apr May Jun Jul Aug Sep Oct Nov Dec
V/Λ2017 > Jan Feb Mar Apr May Jun Jul Aug Sep Oct Nov Dec
V/Λ2016 > Jan Feb Mar Apr May Jun Jul Aug Sep Oct Nov Dec
V/Λ2015 > Jan Feb Mar Apr May Jun Jul Aug Sep Oct Nov Dec
V/Λ2014 > Jan Feb Mar Apr May Jun Jul Aug Sep Oct Nov Dec
V/Λ2013 > Jan Feb Mar Apr May Jun Jul Aug Sep Oct Nov Dec
V/Λ2012 > Jan Feb Mar Apr May Jun Jul Aug Sep Oct Nov Dec

Report for 2019 May
                   Monthly Climatological Summary for May 2019

Name: LomaPinon   City: Rio Rancho   State: New Mexico
Elevation: 5697 ft  Lat: N 35° 16' 56"   Lon: W 106° 43' 13"

                  Temperature (°F), Rain (in), Wind Speed (mph)

                                      Heat  Cool        Avg
    Mean                              Deg   Deg         Wind                 Dom
Day Temp  High   Time   Low    Time   Days  Days  Rain  Speed High   Time    Dir
----------------------------------------------------------------------------------
 1  61.5  76.9   16:30  46.4   06:20   6.4   2.9  0.00   1.4  24.0   15:05    SW
 2  61.3  76.4   16:05  43.6   06:46   6.7   3.1  0.00   0.9  16.0   13:21     S
 3  62.0  76.4   15:03  49.2   06:00   5.3   2.4  0.00   3.2  17.0   15:16    NW
 4  63.6  81.7   16:11  46.3   06:01   6.0   4.7  0.00   0.5  18.0   12:58    NW
 5  65.7  84.0   15:27  47.3   05:55   5.0   5.7  0.00   0.5  18.0   14:02     S
 6  67.5  81.9   16:19  51.3   06:50   3.4   6.0  0.00   0.9  17.0   20:33   SSE
 7  61.5  74.3   13:39  47.8   23:44   5.3   1.8  0.04   2.0  28.0   19:05     W
 8  52.4  67.0   11:51  41.2   06:24  12.7   0.0  0.06   1.2  19.0   15:55   WNW
 9  52.7  62.7   16:50  45.5   06:42  12.3   0.0  0.10   0.9  12.0   10:36    SE
10  45.1  47.6   17:51  42.4   10:41  19.9   0.0  0.21   0.6  10.0   13:03   NNE
11  53.7  68.1   15:49  44.1   04:58  11.4   0.1  0.07   0.4  11.0   15:30   WNW
12  58.0  75.6   15:04  41.6   06:39   9.0   2.0  0.01   0.7  14.0   15:41    NW
13  63.5  81.5   14:31  44.2   06:24   6.3   4.8  0.00   0.5  27.0   21:15    NW
14  67.1  86.7   14:44  48.2   06:10   3.9   5.9  0.00   0.5  15.0   15:37     S
15  70.0  87.8   16:19  51.6   06:35   3.1   8.0  0.00   0.8  13.0   12:47   SSE
16  69.7  82.0   16:40  53.3   06:35   2.2   6.9  0.00   1.7  19.0   19:02     S
17  65.3  74.7   13:45  54.2   06:44   2.5   2.7  0.00   2.4  24.0   14:48   WSW
18  55.4  68.4   16:33  39.9   06:13  10.0   0.4  0.00   3.7  23.0   13:38    NW
19  58.6  70.5   13:59  46.6   03:30   7.5   1.1  0.00   1.1  26.0   20:44     S
20  52.6  66.7   12:38  40.3   23:56  12.5   0.1  0.04   3.5  33.0   13:37     W
21  50.1  62.7   16:04  36.1   03:23  14.9   0.0  0.00   2.6  27.0   10:46   WNW
22  59.8  78.1   16:34  40.6   06:08   8.1   2.9  0.00   2.3  33.0   16:40     S
23  60.9  74.0   12:58  47.3   05:39   6.2   2.2  0.00   4.0  34.0   14:58     S
24  60.5  77.3   15:53  41.0   06:17   7.7   3.2  0.00   0.6  13.0   14:46   SSW
----------------------------------------------------------------------------------
    59.9  87.8    15    36.1    21   188.3  66.9  0.53   1.5  34.0    23     WSW

Max >=  90.0:  0
Max <=  32.0:  0
Min <=  32.0:  0
Min <=   0.0:  0
Max Rain: 0.21 on day 10
Days of Rain: 7 (>= 0.01 in)  2 (>= 0.10 in)  0 (>= 1.00 in)
Heat Base: 65.0  Cool Base: 65.0  Method: Integration
top