usa flag      new mexico flag

Language: 

LomaPinon Weather

 Latitude N 35° 16' 56"    Longitude W 106° 43' 12"    Elevation 5697 ft

NOAA Stlye Reports for LomaPinon

Select a Year or Month report

Report for 2018 Oct
                   Monthly Climatological Summary for Oct 2018

Name: LomaPinon   City: Rio Rancho   State: New Mexico
Elevation: 5697 ft  Lat: N 35° 16' 56"   Lon: W 106° 43' 13"

                  Temperature (°F), Rain (in), Wind Speed (mph)

                                      Heat  Cool        Avg
    Mean                              Deg   Deg         Wind                 Dom
Day Temp  High   Time   Low    Time   Days  Days  Rain  Speed High   Time    Dir
----------------------------------------------------------------------------------
 1  71.3  85.9   14:08  60.9   06:53   0.5   6.9  0.01   1.5  19.0   18:35   SSW
 2  64.6  80.8   13:37  56.5   05:44   3.0   2.6  0.44   0.7  14.0   13:27     S
 3  67.3  79.4   14:08  56.3   07:19   2.6   4.8  0.03   0.2  14.0   19:56     W
 4  67.5  82.0   15:14  55.0   06:54   2.8   5.4  0.00   0.7  15.0   12:32   SSW
 5  64.5  80.1   15:41  52.7   05:46   4.8   4.3  0.00   0.7  16.0   17:07   WSW
 6  63.3  78.0   14:55  47.9   07:18   5.1   3.4  0.00   1.7  19.0   16:50     S
 7  57.9  71.2   12:29  44.1   22:31   7.9   0.8  0.08   3.5  23.0   19:12   WSW
 8  51.7  62.3   14:49  43.5   07:45  13.3   0.0  0.14   0.8   9.0   12:24   SSW
 9  50.6  60.9   15:18  45.0   07:25  14.4   0.0  0.05   1.9  17.0   13:42   WNW
10  53.9  68.1   15:41  40.6   07:30  10.9   0.2  0.00   1.2  13.0   13:53   SSW
11  57.0  69.0   13:44  45.7   05:28   8.5   0.5  0.00   0.8  13.0   14:22   SSW
12  58.5  70.4   14:49  46.3   07:29   7.4   0.9  0.00   1.3  16.0   03:08   WNW
13  58.4  73.1   14:24  45.4   06:43   7.9   1.3  0.00   0.5  16.0   14:24   SSW
14  50.0  60.9   13:18  37.5   23:56  15.0   0.0  0.70   2.2  15.0   12:45   NNE
----------------------------------------------------------------------------------
    59.8  85.9     1    37.5    14   104.1  31.1  1.45   1.3  23.0     7     WSW

Max >=  90.0:  0
Max <=  32.0:  0
Min <=  32.0:  0
Min <=   0.0:  0
Max Rain: 0.70 on day 14
Days of Rain: 7 (>= 0.01 in)  3 (>= 0.10 in)  0 (>= 1.00 in)
Heat Base: 65.0  Cool Base: 65.0  Method: Integration
top