usa flag      new mexico flag

Language: 

LomaPinon Weather

 Latitude N 35° 16' 56"    Longitude W 106° 43' 12"    Elevation 5697 ft

NOAA Stlye Reports for LomaPinon

Select a Year or Month report
V/Λ2018 > Jan Feb Mar Apr May Jun Jul Aug Sep Oct Nov Dec
V/Λ2017 > Jan Feb Mar Apr May Jun Jul Aug Sep Oct Nov Dec
V/Λ2016 > Jan Feb Mar Apr May Jun Jul Aug Sep Oct Nov Dec
V/Λ2015 > Jan Feb Mar Apr May Jun Jul Aug Sep Oct Nov Dec
V/Λ2014 > Jan Feb Mar Apr May Jun Jul Aug Sep Oct Nov Dec
V/Λ2013 > Jan Feb Mar Apr May Jun Jul Aug Sep Oct Nov Dec
V/Λ2012 > Jan Feb Mar Apr May Jun Jul Aug Sep Oct Nov Dec

Report for 2018 Jun
                   Monthly Climatological Summary for Jun 2018

Name: LomaPinon   City: Rio Rancho   State: New Mexico
Elevation: 5697 ft  Lat: N 35° 16' 56"   Lon: W 106° 43' 13"

                  Temperature (°F), Rain (in), Wind Speed (mph)

                                      Heat  Cool        Avg
    Mean                              Deg   Deg         Wind                 Dom
Day Temp  High   Time   Low    Time   Days  Days  Rain  Speed High   Time    Dir
----------------------------------------------------------------------------------
 1  78.3  94.5   15:36  59.7   05:21   0.5  13.8  0.00   1.3  24.0   13:22     W
 2  76.8  93.9   15:27  57.0   05:36   1.2  13.0  0.00   0.9  19.0   21:48    SE
 3  68.3  83.2   13:00  60.0   23:57   0.7   4.0  0.18   1.4  25.0   14:22    NE
 4  72.5  91.3   16:32  53.7   06:35   3.0  10.5  0.00   0.8  17.0   16:17     S
 5  79.9  97.8   15:41  61.4   06:58   0.2  15.0  0.00   0.7  13.0   11:21   SSE
 6  80.5  97.9   15:40  64.5   06:34   0.0  15.5  0.00   0.9  20.0   17:54   WSW
 7  81.4  98.1   15:36  61.9   06:30   0.1  16.6  0.00   1.0  26.0   16:45     W
 8  81.8  97.3   16:31  63.6   06:08   0.1  16.8  0.00   1.1  17.0   14:24     W
 9  80.2  95.5   15:02  62.6   05:19   0.2  15.4  0.00   1.0  18.0   22:38   SSW
10  84.0  96.8   15:51  71.9   06:34   0.0  19.0  0.00   1.6  22.0   15:05    SW
11  81.5  98.3   15:21  61.0   06:39   0.2  16.8  0.00   0.8  13.0   01:10    SW
12  83.1 100.8   15:12  64.3   06:14   0.0  18.1  0.00   0.6  17.0   15:04   SSE
13  81.1  99.5   15:48  63.4   05:59   0.1  14.9  0.00   1.1  21.0   18:41     S
14  79.3  98.1   14:30  63.7   06:38   0.0  14.3  0.00   1.7  26.0   15:04   WNW
15  80.3  96.2   13:10  62.7   06:44   0.1  15.5  0.00   0.8  18.0   20:59     S
16  65.9  78.2   00:00  60.0   08:16   1.2   2.1  0.27   0.7  19.0   00:35     S
17  69.9  83.3   15:39  60.4   06:35   1.1   6.0  0.00   0.6  11.0   15:47     S
18  75.6  90.9   16:32  57.6   05:01   1.2  11.8  0.00   0.8  17.0   15:07     S
19  80.4  96.6   16:08  62.0   06:07   0.2  15.6  0.00   1.4  20.0   17:00   WSW
20  79.9  97.3   16:02  61.7   04:33   0.4  15.3  0.00   1.7  20.0   14:28    NW
21  81.9  99.2   15:49  66.0   04:59   0.0  16.9  0.00   0.8  14.0   15:57   SSE
22  84.0 100.9   15:16  66.2   06:53   0.0  19.0  0.00   1.4  21.0   17:17   WSW
23  83.3 100.2   15:28  62.9   06:59   0.1  18.2  0.00   1.2  22.0   17:40    NW
24  83.4  99.5   15:33  64.1   06:46   0.0  18.4  0.00   2.2  27.0   18:05    NW
----------------------------------------------------------------------------------
    78.9 100.9    22    53.7     4    10.6 342.5  0.45   1.1  27.0    24     WSW

Max >=  90.0: 21
Max <=  32.0:  0
Min <=  32.0:  0
Min <=   0.0:  0
Max Rain: 0.27 on day 16
Days of Rain: 2 (>= 0.01 in)  2 (>= 0.10 in)  0 (>= 1.00 in)
Heat Base: 65.0  Cool Base: 65.0  Method: Integration
top