usa flag      new mexico flag

Language: 

LomaPinon Weather

 Latitude N 35° 16' 56"    Longitude W 106° 43' 12"    Elevation 5697 ft

NOAA Stlye Reports for LomaPinon

Select a Year or Month report
V/Λ2019 > Jan Feb Mar Apr May Jun Jul Aug Sep Oct Nov Dec
V/Λ2018 > Jan Feb Mar Apr May Jun Jul Aug Sep Oct Nov Dec
V/Λ2017 > Jan Feb Mar Apr May Jun Jul Aug Sep Oct Nov Dec
V/Λ2016 > Jan Feb Mar Apr May Jun Jul Aug Sep Oct Nov Dec
V/Λ2015 > Jan Feb Mar Apr May Jun Jul Aug Sep Oct Nov Dec
V/Λ2014 > Jan Feb Mar Apr May Jun Jul Aug Sep Oct Nov Dec
V/Λ2013 > Jan Feb Mar Apr May Jun Jul Aug Sep Oct Nov Dec
V/Λ2012 > Jan Feb Mar Apr May Jun Jul Aug Sep Oct Nov Dec

Report for 2019 Mar
                   Monthly Climatological Summary for Mar 2019

Name: LomaPinon   City: Rio Rancho   State: New Mexico
Elevation: 5697 ft  Lat: N 35° 16' 56"   Lon: W 106° 43' 13"

                  Temperature (°F), Rain (in), Wind Speed (mph)

                                      Heat  Cool        Avg
    Mean                              Deg   Deg         Wind                 Dom
Day Temp  High   Time   Low    Time   Days  Days  Rain  Speed High   Time    Dir
----------------------------------------------------------------------------------
 1  49.8  63.4   15:41  39.4   04:32  15.2   0.0  0.00   0.4  15.0   15:37   WSW
 2  52.0  65.9   12:46  43.4   23:59  13.0   0.0  0.00   0.8  27.0   19:39    SW
 3  51.3  65.5   14:41  34.2   23:58  13.7   0.0  0.00   0.8  15.0   14:01     W
 4  41.2  60.0   13:39  25.4   06:46  23.8   0.0  0.00   1.5  15.0   16:13     N
 5  49.2  64.6   13:29  34.8   06:50  15.8   0.0  0.00   0.8  13.0   14:53    SW
 6  50.8  70.6   14:18  28.0   05:26  14.4   0.5  0.00   1.1  22.0   18:26     S
 7  57.3  71.0   13:38  45.6   23:27   8.6   1.0  0.00   2.6  32.0   13:56    SW
 8  50.2  64.4   15:05  35.3   23:57  14.8   0.0  0.02   4.0  34.0   15:40   SSW
 9  43.5  58.0   14:41  31.1   07:08  21.5   0.0  0.00   1.4  17.0   11:47   WSW
10  48.1  62.9   15:53  32.3   07:01  16.2   0.0  0.00   1.6  17.0   15:22   SSE
11  47.9  55.2   14:44  40.7   07:27  17.1   0.0  0.11   1.0  16.0   17:13   NNE
12  49.0  58.8   14:36  38.6   22:02  14.9   0.0  0.32   0.7  21.0   18:33   SSW
13  41.8  51.5   13:52  36.2   03:01  23.2   0.0  0.00   5.1  32.0   15:57   WSW
14  38.8  49.8   14:52  31.6   07:12  26.2   0.0  0.00   1.4  16.0   09:14    NW
15  37.4  53.7   16:11  28.0   07:00  18.9   0.0  0.00   0.6  15.0   11:39    NW
16  43.5  59.2   15:52  29.7   07:20  21.5   0.0  0.00   0.7  14.0   09:22     N
17  46.5  64.1   15:09  29.2   07:47  18.5   0.0  0.00   0.3  10.0   16:29   SSE
18  49.9  66.1   15:52  36.9   07:40  15.1   0.0  0.00   0.4  15.0   12:33     S
----------------------------------------------------------------------------------
    47.1  71.0     7    25.4     4   312.4   1.5  0.45   1.4  34.0     8     WSW

Max >=  90.0:  0
Max <=  32.0:  0
Min <=  32.0:  7
Min <=   0.0:  0
Max Rain: 0.32 on day 12
Days of Rain: 3 (>= 0.01 in)  2 (>= 0.10 in)  0 (>= 1.00 in)
Heat Base: 65.0  Cool Base: 65.0  Method: Integration
top