usa flag      new mexico flag

Language: 

LomaPinon Weather

 Latitude N 35° 16' 56"    Longitude W 106° 43' 12"    Elevation 5697 ft

NOAA Stlye Reports for LomaPinon

Select a Year or Month report
V/Λ2017 > Jan Feb Mar Apr May Jun Jul Aug Sep Oct Nov Dec
V/Λ2016 > Jan Feb Mar Apr May Jun Jul Aug Sep Oct Nov Dec
V/Λ2015 > Jan Feb Mar Apr May Jun Jul Aug Sep Oct Nov Dec
V/Λ2014 > Jan Feb Mar Apr May Jun Jul Aug Sep Oct Nov Dec
V/Λ2013 > Jan Feb Mar Apr May Jun Jul Aug Sep Oct Nov Dec
V/Λ2012 > Jan Feb Mar Apr May Jun Jul Aug Sep Oct Nov Dec

Report for 2017 Jun
                   Monthly Climatological Summary for Jun 2017

Name: LomaPinon   City: Rio Rancho   State: New Mexico
Elevation: 5697 ft  Lat: N 35° 16' 56"   Lon: W 106° 43' 13"

                  Temperature (°F), Rain (in), Wind Speed (mph)

                                      Heat  Cool        Avg
    Mean                              Deg   Deg         Wind                 Dom
Day Temp  High   Time   Low    Time   Days  Days  Rain  Speed High   Time    Dir
----------------------------------------------------------------------------------
 1  66.9  83.9   15:33  53.7   03:14   3.6   5.4  0.00   1.3  23.0   15:57   WSW
 2  65.4  84.1   13:22  52.3   03:54   3.3   3.8  0.04   0.4  15.0   16:55     S
 3  71.9  87.2   14:45  55.5   04:47   2.2   9.1  0.01   0.5  13.0   23:28    SE
 4  76.0  92.6   14:39  57.9   06:00   0.8  11.8  0.00   1.3  19.0   16:54    NW
 5  78.2  93.4   13:13  62.3   06:32   0.1  13.4  0.00   0.9  18.0   19:54   ESE
 6  76.2  91.2   13:25  61.9   06:21   0.3  11.5  0.00   1.1  24.0   14:30    SW
 7  74.9  91.5   14:57  61.6   06:04   0.4  10.3  0.03   1.1  27.0   16:01     S
 8  76.1  95.2   15:23  58.2   05:47   1.3  12.4  0.00   1.5  23.0   17:49   WNW
 9  79.5  97.3   15:29  60.1   05:54   0.5  15.0  0.00   1.3  22.0   13:19     W
10  81.1  97.8   16:37  63.2   04:02   0.1  16.2  0.00   1.2  19.0   13:06    SW
11  76.9  92.2   14:43  57.1   06:44   1.0  12.9  0.00   0.9  20.0   13:46   SSW
12  76.4  94.7   15:53  55.9   06:35   1.0  12.4  0.00   2.1  23.0   16:59   SSW
13  72.9  88.1   16:29  56.9   05:23   1.2   9.1  0.00   1.8  24.0   10:54     W
14  72.3  93.6   16:35  54.2   06:39   2.5   8.8  0.00   0.7  13.0   17:54   WSW
15  78.9  98.9   15:14  58.5   06:23   1.1  15.0  0.00   0.7  15.0   17:18   WSW
16  81.4  98.6   15:37  59.3   06:17   0.4  16.8  0.00   1.9  19.0   14:34    NW
17  83.8 100.9   15:51  62.9   06:32   0.1  18.9  0.00   2.6  21.0   14:39   WNW
18  84.0  99.7   17:08  67.5   05:48   0.0  19.0  0.00   1.8  17.0   17:08     W
19  82.8 100.3   16:38  65.2   05:51   0.0  17.8  0.00   1.3  21.0   15:01   ENE
20  86.5 102.3   15:55  68.6   06:35   0.0  21.5  0.00   1.1  16.0   18:20     S
21  86.0 103.6   15:23  68.3   06:29   0.0  21.0  0.00   0.9  16.0   17:30   WNW
22  87.0 102.5   14:52  70.7   06:50   0.0  22.0  0.00   1.9  22.0   15:49    NW
----------------------------------------------------------------------------------
    78.0 103.6    21    52.3     2    19.9 304.1  0.08   1.3  27.0     7       W

Max >=  90.0: 18
Max <=  32.0:  0
Min <=  32.0:  0
Min <=   0.0:  0
Max Rain: 0.04 on day 2
Days of Rain: 3 (>= 0.01 in)  0 (>= 0.10 in)  0 (>= 1.00 in)
Heat Base: 65.0  Cool Base: 65.0  Method: Integration
top