usa flag      new mexico flag

Language: 

LomaPinon Weather

 Latitude N 35° 16' 56"    Longitude W 106° 43' 12"    Elevation 5697 ft

NOAA Stlye Reports for LomaPinon


Report for 2018 Dec
                   Monthly Climatological Summary for Dec 2018

Name: LomaPinon   City: Rio Rancho   State: New Mexico
Elevation: 5697 ft  Lat: N 35° 16' 56"   Lon: W 106° 43' 13"

                  Temperature (°F), Rain (in), Wind Speed (mph)

                                      Heat  Cool        Avg
    Mean                              Deg   Deg         Wind                 Dom
Day Temp  High   Time   Low    Time   Days  Days  Rain  Speed High   Time    Dir
----------------------------------------------------------------------------------
 1  38.8  48.7   10:59  31.5   21:39  26.2   0.0  0.00   2.8  22.0   14:22    NW
 2  34.6  43.4   13:04  26.2   23:11  30.4   0.0  0.04   2.2  20.0   14:32   WSW
 3  30.8  43.3   14:15  22.5   07:51  34.2   0.0  0.00   1.6   8.0   01:17     W
 4  29.2  40.1   13:09  19.5   06:54  35.8   0.0  0.00   4.2  19.0   17:12    NW
 5  32.1  44.8   14:11  23.1   06:02  32.9   0.0  0.00   0.7   8.0   01:22     W
 6  39.5  53.1   13:59  27.3   02:59  25.5   0.0  0.00   0.3   9.0   23:13   ENE
 7  41.0  49.7   13:54  33.5   06:19  24.0   0.0  0.04   0.5  11.0   22:48   NNW
 8  38.6  46.7   13:43  32.3   07:41  26.4   0.0  0.00   3.4  22.0   15:03    NW
 9  37.2  46.1   13:20  31.7   07:11  27.8   0.0  0.00   5.1  23.0   09:07    NW
10  35.8  50.6   14:31  23.9   06:46  29.2   0.0  0.00   0.3   8.0   00:29    NW
11  37.9  49.4   14:45  30.5   07:16  27.1   0.0  0.00   0.4   8.0   13:24     S
12  39.6  54.5   14:20  28.5   07:17  25.2   0.0  0.00   3.4  36.0   22:09    NW
13  34.0  44.0   14:38  27.2   07:02  31.0   0.0  0.00   9.4  35.0   01:16    NW
14  36.7  52.2   14:55  26.1   07:06  28.3   0.0  0.00   1.4  12.0   00:35   WNW
15  36.4  53.6   12:46  24.8   07:22  28.6   0.0  0.00   0.3   7.0   13:34     S
16  41.7  56.8   14:57  30.5   03:33  23.3   0.0  0.00   0.3  11.0   11:23   NNW
17  41.9  51.3   15:22  33.9   00:11  23.1   0.0  0.00   0.0   5.0   11:11   NNE
----------------------------------------------------------------------------------
    36.8  56.8    16    19.5     4   479.0   0.0  0.08   2.1  36.0    12      NW

Max >=  90.0:  0
Max <=  32.0:  0
Min <=  32.0: 14
Min <=   0.0:  0
Max Rain: 0.04 on day 2
Days of Rain: 2 (>= 0.01 in)  0 (>= 0.10 in)  0 (>= 1.00 in)
Heat Base: 65.0  Cool Base: 65.0  Method: Integration
top