usa flag      new mexico flag

Language: 

LomaPinon Weather

 Latitude N 35° 16' 56"    Longitude W 106° 43' 12"    Elevation 5697 ft

NOAA Stlye Reports for LomaPinon

Select a Year or Month report
V/Λ2018 > Jan Feb Mar Apr May Jun Jul Aug Sep Oct Nov Dec
V/Λ2017 > Jan Feb Mar Apr May Jun Jul Aug Sep Oct Nov Dec
V/Λ2016 > Jan Feb Mar Apr May Jun Jul Aug Sep Oct Nov Dec
V/Λ2015 > Jan Feb Mar Apr May Jun Jul Aug Sep Oct Nov Dec
V/Λ2014 > Jan Feb Mar Apr May Jun Jul Aug Sep Oct Nov Dec
V/Λ2013 > Jan Feb Mar Apr May Jun Jul Aug Sep Oct Nov Dec
V/Λ2012 > Jan Feb Mar Apr May Jun Jul Aug Sep Oct Nov Dec

Report for 2018 Apr
                   Monthly Climatological Summary for Apr 2018

Name: LomaPinon   City: Rio Rancho   State: New Mexico
Elevation: 5697 ft  Lat: N 35° 16' 56"   Lon: W 106° 43' 13"

                  Temperature (°F), Rain (in), Wind Speed (mph)

                                      Heat  Cool        Avg
    Mean                              Deg   Deg         Wind                 Dom
Day Temp  High   Time   Low    Time   Days  Days  Rain  Speed High   Time    Dir
----------------------------------------------------------------------------------
 1  59.8  69.3   13:22  49.7   04:43   6.2   1.1  0.00   0.5  18.0   14:23     W
 2  61.8  76.7   15:59  46.6   06:54   6.2   3.1  0.00   2.2  23.0   18:08    SW
 3  58.8  69.2   15:35  48.1   23:46   6.7   0.5  0.00   4.5  23.0   16:53    NW
 4  55.5  73.9   15:57  34.2   07:01  10.8   1.6  0.00   1.8  12.0   13:03   WNW
 5  58.9  69.5   16:37  42.9   07:09   7.0   0.9  0.00   1.5  20.0   14:56    NW
 6  61.5  75.6   15:30  45.4   06:29   6.5   3.0  0.00   0.6  14.0   15:14   WNW
 7  64.8  82.8   16:10  43.5   07:39   6.0   5.8  0.00   1.3  21.0   23:19     W
 8  66.3  78.3   14:56  51.5   23:30   2.3   3.6  0.00   5.6  29.0   15:27   WNW
 9  56.6  69.3   15:53  44.1   05:32   8.9   0.5  0.00   4.3  22.0   13:54    NW
10  56.9  76.0   15:49  38.9   06:57   9.9   2.1  0.00   1.3  13.0   15:14     W
11  65.6  83.7   14:33  47.7   07:17   5.5   6.0  0.00   1.1  22.0   12:17   WSW
12  66.4  80.5   14:48  54.5   23:57   3.1   4.4  0.00   4.5  37.0   16:26    SW
13  43.8  54.5   00:00  30.8   06:44  21.2   0.0  0.00  11.9  35.0   13:35    NW
14  48.0  62.3   16:19  35.0   06:25  17.0   0.0  0.00   8.2  25.0   07:58    NW
15  56.6  74.8   14:53  37.7   06:54   9.6   1.5  0.00   0.9  13.0   00:27   SSW
16  60.7  78.3   15:08  44.7   04:31   7.5   3.2  0.00   0.7  19.0   18:09   SSE
17  60.2  77.8   13:14  45.0   23:59   7.5   2.7  0.00   5.4  31.0   14:49     W
18  52.6  69.6   16:01  35.2   06:50  12.8   0.5  0.00   1.6  14.0   01:52     W
19  59.8  77.4   15:35  44.3   06:34   7.4   2.2  0.00   3.8  26.0   16:22    SE
20  54.4  63.6   14:33  43.7   23:59  10.4   0.0  0.00   4.6  22.0   10:46     W
21  49.7  69.8   16:27  35.1   06:12  15.7   0.4  0.00   1.9  18.0   15:40   WNW
22  58.6  76.5   15:39  38.2   06:47   9.0   2.6  0.00   0.7  17.0   19:08   SSE
23  64.8  83.2   15:51  45.4   06:35   5.8   5.5  0.00   0.5  15.0   19:28     S
----------------------------------------------------------------------------------
    58.4  83.7    11    30.8    13   203.0  51.2  0.00   3.0  37.0    12     WNW

Max >=  90.0:  0
Max <=  32.0:  0
Min <=  32.0:  1
Min <=   0.0:  0
Max Rain: 0.00 on day 0
Days of Rain: 0 (>= 0.01 in)  0 (>= 0.10 in)  0 (>= 1.00 in)
Heat Base: 65.0  Cool Base: 65.0  Method: Integration
top