usa flag      new mexico flag

Language: 

LomaPinon Weather

 Latitude N 35° 16' 56"    Longitude W 106° 43' 12"    Elevation 5697 ft

NOAA Stlye Reports for LomaPinon

Select a Year or Month report

Report for 2018 Aug
                   Monthly Climatological Summary for Aug 2018

Name: LomaPinon   City: Rio Rancho   State: New Mexico
Elevation: 5697 ft  Lat: N 35° 16' 56"   Lon: W 106° 43' 13"

                  Temperature (°F), Rain (in), Wind Speed (mph)

                                      Heat  Cool        Avg
    Mean                              Deg   Deg         Wind                 Dom
Day Temp  High   Time   Low    Time   Days  Days  Rain  Speed High   Time    Dir
----------------------------------------------------------------------------------
 1  74.4  92.8   16:29  61.4   06:49   0.5   9.9  0.51   0.7  20.0   18:54     S
 2  75.7  92.5   16:37  61.1   06:31   0.5  11.2  0.05   0.7  15.0   19:35   SSE
 3  78.0  91.6   16:59  65.2   06:32   0.0  13.0  0.00   1.1  21.0   14:15     W
 4  80.3  98.2   15:43  63.7   06:33   0.1  15.3  0.00   0.4   8.0   09:45    SE
 5  80.7  98.0   14:43  65.5   06:56   0.0  15.7  0.00   0.8  27.0   19:31     S
 6  83.6 100.3   16:00  66.4   07:28   0.0  18.6  0.04   1.5  32.0   01:47    SW
 7  80.7  96.1   16:24  63.1   06:49   0.1  15.8  0.00   0.9  18.0   19:17     S
 8  80.3  98.1   15:28  64.5   06:48   0.0  15.4  0.00   1.0  15.0   17:01   SSE
 9  74.9  90.2   15:04  62.2   07:29   0.2  10.1  0.02   2.1  30.0   19:25    SE
10  71.4  88.6   15:06  61.1   23:57   0.8   7.2  0.06   1.0  23.0   18:31   ESE
11  70.8  88.3   16:02  56.6   05:34   2.2   8.0  0.00   1.0  21.0   19:01   SSE
12  73.1  88.3   16:02  57.9   05:35   1.7   9.8  0.00   0.5  12.0   15:37   SSE
13  74.4  94.7   16:59  59.5   07:00   0.7  10.1  0.18   1.4  31.0   18:12     S
----------------------------------------------------------------------------------
    76.8 100.3     6    56.6    11     6.8 160.1  0.86   1.0  32.0     6     SSE

Max >=  90.0: 10
Max <=  32.0:  0
Min <=  32.0:  0
Min <=   0.0:  0
Max Rain: 0.51 on day 1
Days of Rain: 6 (>= 0.01 in)  2 (>= 0.10 in)  0 (>= 1.00 in)
Heat Base: 65.0  Cool Base: 65.0  Method: Integration
top