usa flag      new mexico flag

Language: 

LomaPinon Weather

 Latitude N 35° 16' 56"    Longitude W 106° 43' 12"    Elevation 5697 ft

NOAA Stlye Reports for LomaPinon

Select a Year or Month report
V/Λ2017 > Jan Feb Mar Apr May Jun Jul Aug Sep Oct Nov Dec
V/Λ2016 > Jan Feb Mar Apr May Jun Jul Aug Sep Oct Nov Dec
V/Λ2015 > Jan Feb Mar Apr May Jun Jul Aug Sep Oct Nov Dec
V/Λ2014 > Jan Feb Mar Apr May Jun Jul Aug Sep Oct Nov Dec
V/Λ2013 > Jan Feb Mar Apr May Jun Jul Aug Sep Oct Nov Dec
V/Λ2012 > Jan Feb Mar Apr May Jun Jul Aug Sep Oct Nov Dec

Report for 2017 Aug
                   Monthly Climatological Summary for Aug 2017

Name: LomaPinon   City: Rio Rancho   State: New Mexico
Elevation: 5697 ft  Lat: N 35° 16' 56"   Lon: W 106° 43' 13"

                  Temperature (°F), Rain (in), Wind Speed (mph)

                                      Heat  Cool        Avg
    Mean                              Deg   Deg         Wind                 Dom
Day Temp  High   Time   Low    Time   Days  Days  Rain  Speed High   Time    Dir
----------------------------------------------------------------------------------
 1  74.8  90.4   15:55  64.5   06:56   0.0   9.8  0.00   0.8  14.0   16:28   ENE
 2  77.3  92.9   15:58  61.0   06:34   0.5  12.7  0.00   0.5  13.0   19:23    NE
 3  75.2  96.5   15:38  63.4   06:45   0.1  10.3  0.09   1.3  30.0   16:34   ENE
 4  71.4  86.7   14:30  60.8   06:27   0.5   6.9  0.01   0.9  21.0   15:35   WNW
 5  74.5  90.3   15:23  62.8   07:08   0.4   9.8  0.01   1.6  20.0   15:58    NW
 6  75.1  90.3   15:47  64.6   06:50   0.0  10.0  0.00   0.8  19.0   16:33     W
 7  80.0  93.9   16:40  63.2   06:20   0.0  15.0  0.00   0.8  13.0   19:50     S
 8  76.5  91.1   16:41  61.4   06:40   0.2  18.4  0.00   0.9  17.0   14:20     S
 9  78.5  96.8   15:23  61.0   06:54   0.4  13.9  0.00   0.8  19.0   14:20   SSE
10  79.1  95.8   14:44  64.1   06:40   0.1  14.2  0.00   1.5  19.0   17:07     S
11  71.5  90.0   13:11  62.0   23:29   0.3   6.9  0.40   1.4  27.0   13:33     N
12  73.5  90.3   16:29  60.8   06:13   1.1   9.6  0.01   0.4  11.0   13:50    SW
13  77.2  89.8   13:56  64.0   06:53   0.0  12.3  0.00   0.8  15.0   11:34    NW
14  77.3  94.1   15:28  65.8   23:58   0.0  12.3  0.03   0.9  20.0   17:20   WSW
15  73.8  91.1   15:18  59.3   06:26   0.7   9.5  0.00   2.0  29.0   18:44   WNW
16  74.4  91.7   15:55  56.0   07:09   1.5  10.9  0.00   0.6  14.0   13:16   WSW
----------------------------------------------------------------------------------
    75.6  96.8     9    56.0    16     5.8 182.5  0.55   1.0  30.0     3       W

Max >=  90.0: 14
Max <=  32.0:  0
Min <=  32.0:  0
Min <=   0.0:  0
Max Rain: 0.40 on day 11
Days of Rain: 6 (>= 0.01 in)  1 (>= 0.10 in)  0 (>= 1.00 in)
Heat Base: 65.0  Cool Base: 65.0  Method: Integration
top