usa flag      new mexico flag

Language: 

LomaPinon Weather

 Latitude N 35° 16' 56"    Longitude W 106° 43' 12"    Elevation 5697 ft

NOAA Stlye Reports for LomaPinon

Select a Year or Month report
V/Λ2018 > Jan Feb Mar Apr May Jun Jul Aug Sep Oct Nov Dec
V/Λ2017 > Jan Feb Mar Apr May Jun Jul Aug Sep Oct Nov Dec
V/Λ2016 > Jan Feb Mar Apr May Jun Jul Aug Sep Oct Nov Dec
V/Λ2015 > Jan Feb Mar Apr May Jun Jul Aug Sep Oct Nov Dec
V/Λ2014 > Jan Feb Mar Apr May Jun Jul Aug Sep Oct Nov Dec
V/Λ2013 > Jan Feb Mar Apr May Jun Jul Aug Sep Oct Nov Dec
V/Λ2012 > Jan Feb Mar Apr May Jun Jul Aug Sep Oct Nov Dec

Report for 2018 Feb
                   Monthly Climatological Summary for Feb 2018

Name: LomaPinon   City: Rio Rancho   State: New Mexico
Elevation: 5697 ft  Lat: N 35° 16' 56"   Lon: W 106° 43' 13"

                  Temperature (°F), Rain (in), Wind Speed (mph)

                                      Heat  Cool        Avg
    Mean                              Deg   Deg         Wind                 Dom
Day Temp  High   Time   Low    Time   Days  Days  Rain  Speed High   Time    Dir
----------------------------------------------------------------------------------
 1  51.8  67.8   15:11  36.0   07:21  13.4   0.2  0.00   0.3  13.0   11:31    NW
 2  46.9  63.6   14:42  31.3   06:55  18.1   0.0  0.00   0.6  10.0   14:12   SSW
 3  49.7  60.7   14:33  38.7   07:24  15.3   0.0  0.00   3.8  26.0   11:38    NW
 4  50.3  66.8   14:09  36.5   07:37  14.7   0.0  0.00   1.4  16.0   14:19    NW
 5  48.9  65.6   14:06  35.6   06:36  16.1   0.0  0.00   1.4  19.0   12:08   WNW
 6  44.5  54.7   13:41  34.0   07:31  20.5   0.0  0.00   3.9  22.0   15:15    NW
 7  42.9  59.0   14:34  30.6   05:27  22.0   0.0  0.00   3.2  16.0   13:18    NW
 8  47.2  64.4   14:50  31.5   07:30  17.8   0.0  0.00   1.6  15.0   13:36   WNW
 9  50.9  67.5   14:49  38.4   06:36  14.2   0.2  0.00   1.4  14.0   00:45     W
10  51.5  67.4   13:09  36.4   23:50  13.7   0.2  0.00   5.1  27.0   20:11   WSW
11  37.1  49.1   14:18  25.8   07:21  27.9   0.0  0.00   2.4  18.0   00:26    NW
12  44.6  58.7   14:33  29.8   00:00  20.4   0.0  0.00   3.3  24.0   14:03     S
13  47.5  62.6   14:20  32.9   06:33  17.5   0.0  0.00   0.3  13.0   14:57     S
14  47.4  57.1   13:34  39.3   07:26  17.4   0.0  0.09   0.3  17.0   17:29   SSW
15  42.6  47.2   15:21  39.5   23:54  22.4   0.0  0.11   0.7   8.0   11:38     S
16  40.7  47.1   15:05  33.2   05:53  24.3   0.0  0.00   0.4  11.0   10:29     N
17  44.3  57.6   15:16  33.3   03:50  20.7   0.0  0.00   1.5  15.0   11:24    NW
18  47.9  64.7   14:20  34.2   06:53  17.1   0.0  0.00   1.0  21.0   16:36   SSW
----------------------------------------------------------------------------------
    46.5  67.8     1    25.8    11   333.5   0.6  0.20   1.8  27.0    10     WNW

Max >=  90.0:  0
Max <=  32.0:  0
Min <=  32.0:  5
Min <=   0.0:  0
Max Rain: 0.11 on day 15
Days of Rain: 2 (>= 0.01 in)  1 (>= 0.10 in)  0 (>= 1.00 in)
Heat Base: 65.0  Cool Base: 65.0  Method: Integration
top