usa flag      new mexico flag

Language: 

LomaPinon Weather

 Latitude N 35° 16' 56"    Longitude W 106° 43' 12"    Elevation 5697 ft

NOAA Stlye Reports for LomaPinon

Select a Year or Month report

Report for 2019 Aug
                   Monthly Climatological Summary for Aug 2019

Name: LomaPinon   City: Rio Rancho   State: New Mexico
Elevation: 5697 ft  Lat: N 35° 16' 56"   Lon: W 106° 43' 13"

                  Temperature (°F), Rain (in), Wind Speed (mph)

                                      Heat  Cool        Avg
    Mean                              Deg   Deg         Wind                 Dom
Day Temp  High   Time   Low    Time   Days  Days  Rain  Speed High   Time    Dir
----------------------------------------------------------------------------------
 1  81.0  95.7   14:42  66.1   06:41   0.0  16.0  0.00   0.7  15.0   18:45    SW
 2  78.3  94.5   14:19  65.8   06:44   0.0  13.3  0.00   0.9  20.0   16:25   NNW
 3  75.2  96.6   15:00  67.5   05:42   0.0  10.2  0.14   0.8  18.0   15:59     E
 4  76.4  92.5   15:32  64.9   06:27   0.0  11.4  0.00   0.8  15.0   17:29    SE
 5  80.2  98.0   16:19  64.5   06:46   0.0  15.2  0.00   0.5  11.0   12:39     W
 6  75.1  92.3   14:00  63.4   23:06   0.2  10.2  0.98   1.7  27.0   16:23    NE
 7  75.3  92.6   15:14  62.3   06:53   0.5  10.7  0.00   0.6  18.0   19:41    SW
 8  78.7  94.9   16:55  64.6   05:56   0.0  13.7  0.03   1.0  21.0   20:05   WSW
 9  75.9  88.7   16:26  66.7   07:22   0.0  10.9  0.03   0.5  24.0   17:17   WSW
10  74.4  92.0   15:53  64.4   06:37   0.0   9.4  0.03   0.6  14.0   08:47   SSW
11  70.4  87.2   13:30  61.9   06:49   0.5   5.9  0.10   0.9  20.0   15:39   SSW
12  75.0  91.9   14:09  58.6   06:43   1.4  11.4  0.01   1.0  18.0   14:26    NW
13  79.1  95.9   16:08  60.9   06:48   0.4  14.5  0.00   0.5  11.0   14:50     E
14  79.6  90.0   13:53  66.3   23:58   0.0  11.5  0.00   1.3  19.0   17:33   SSE
15  73.9  91.8   14:43  57.9   06:01   1.7  10.6  0.00   0.9  22.0   16:24   SSW
16  78.2  97.2   16:11  58.7   06:40   0.7  13.9  0.00   0.8  21.0   15:23   SSW
17  79.3  96.6   15:28  63.1   06:34   0.2  14.5  0.00   0.8  19.0   15:36   SSW
18  80.2  98.5   14:18  60.3   06:25   0.5  15.7  0.00   0.4  12.0   14:46   WSW
19  81.1  99.1   15:10  63.2   06:51   0.1  16.2  0.00   0.4  12.0   01:51     S
20  78.5  98.3   16:08  62.7   06:35   0.2  13.7  0.10   0.8  25.0   21:26   SSE
21  76.0  96.8   15:26  60.2   07:11   0.7  11.7  0.00   1.0  20.0   20:59   NNW
22  76.0  92.2   16:33  60.1   06:09   1.0  12.0  0.00   0.7  12.0   14:46   SSE
23  78.3  94.3   13:22  62.7   07:17   0.1  13.4  0.00   1.0  22.0   17:03     W
----------------------------------------------------------------------------------
    77.2  99.1    19    57.9    15     8.2 286.0  1.42   0.8  27.0     6      SW

Max >=  90.0: 21
Max <=  32.0:  0
Min <=  32.0:  0
Min <=   0.0:  0
Max Rain: 0.98 on day 6
Days of Rain: 8 (>= 0.01 in)  4 (>= 0.10 in)  0 (>= 1.00 in)
Heat Base: 65.0  Cool Base: 65.0  Method: Integration
top