usa flag      colorado flag

Language: 

TigerDenWX Weather

 Latitude N 39° 38' 25"    Longitude W 104° 47' 13"    Elevation 5702 ft

NOAA Stlye Reports for TigerDenWX


Report for 2024 Jun
                   Monthly Climatological Summary for Jun 2024

Name: TigerDenWX   City: Aurora   State: Colorado
Elevation: 5702 ft  Lat: N 39° 38' 25"   Lon: W 104° 47' 13"

                  Temperature (°F), Rain (in), Wind Speed (mph)

                                      Heat  Cool        Avg
    Mean                              Deg   Deg         Wind                 Dom
Day Temp  High   Time   Low    Time   Days  Days  Rain  Speed High   Time    Dir
----------------------------------------------------------------------------------
 1  69.4  83.9   14:25  53.9   05:35   3.0   7.4  0.00   1.5  14.0   15:04     S
 2  69.4  87.3   15:35  51.6   06:10   3.4   7.8  0.00   1.5  22.0   18:35   NNE
 3  72.3  86.9   13:56  55.6   02:45   2.3   9.6  0.00   1.3  16.0   19:48    SW
 4  72.2  82.0   16:28  58.1   04:55   0.5   7.6  0.00   3.0  23.0   11:20   WNW
 5  74.1  91.4   16:16  53.7   05:27   2.7  11.8  0.00   2.4  22.0   10:56    NW
 6  73.2  88.7   17:31  54.5   06:15   1.9  10.1  0.00   1.2  17.0   23:18     E
 7  78.4  91.8   11:16  63.9   06:00   0.0  13.4  0.00   2.2  25.0   14:43   WSW
 8  69.2  87.9   15:29  57.1   05:39   1.6   5.8  0.01   1.5  21.0   16:00     N
 9  67.1  83.6   14:28  58.4   04:49   2.4   4.4  0.28   1.8  19.0   16:56    SW
10  70.0  81.5   13:18  56.3   05:48   1.7   6.7  0.00   1.5  20.0   21:36   SSE
11  71.4  88.4   15:37  55.3   03:34   2.1   8.5  0.02   1.3  12.0   19:57    SE
12  78.8  94.9   15:01  62.2   05:35   0.2  14.0  0.00   1.4  22.0   13:41   WNW
13  79.0  96.2   16:19  60.5   03:04   0.6  14.5  0.00   1.8  21.0   16:51   ENE
14  71.9  81.7   17:06  62.7   05:56   0.2   7.0  0.03   1.1  17.0   14:34     S
15  74.9  91.0   15:46  55.8   06:03   1.6  11.5  0.00   1.1  16.0   16:16    SE
16  77.0  92.3   17:02  64.1   05:57   0.0  12.0  0.00   2.4  17.0   15:56     N
17  74.2  98.2   16:00  56.3   05:06   2.0  11.2  0.00   1.2  19.0   15:34     S
18  64.3  72.1   16:41  53.8   06:24   2.4   1.7  0.00   2.3  18.0   04:06   ENE
19  62.9  73.5   16:12  52.8   03:28   3.5   1.5  0.00   2.9  26.0   17:07    SE
20  73.1  89.5   13:33  62.1   00:00   0.5   8.6  0.01   2.4  20.0   17:14   SSE
21  72.4  86.0   13:58  62.8   01:54   0.2   7.6  0.00   1.3  22.0   22:41     N
22  74.3  91.5   15:41  54.9   05:10   1.7  11.0  0.00   1.2  19.0   17:52   NNW
23  80.5  96.6   17:59  61.6   04:50   0.4  15.9  0.00   0.8  12.0   20:12    SE
24  78.7  97.4   15:04  60.7   05:38   0.5  14.1  0.00   1.0  17.0   17:32     W
25  81.0  98.6   15:34  60.4   06:13   0.4  16.4  0.00   1.0  22.0   17:28   NNW
26  75.3  92.7   14:38  62.2   05:54   0.2  10.5  0.01   1.4  17.0   16:58     E
27  77.4  94.2   16:17  62.1   05:59   0.3  12.7  0.00   1.4  26.0   20:57     W
28  78.5  94.8   14:51  61.0   04:40   0.3  13.9  0.00   1.6  21.0   21:27   WNW
29  69.7  87.7   16:20  59.3   05:05   1.2   5.9  0.00   1.8  16.0   00:36   NNE
30  75.1  90.9   15:18  65.2   05:33   0.0  10.1  0.00   2.3  16.0   15:06   SSE
----------------------------------------------------------------------------------
    73.5  98.6    25    51.6     2    37.8 293.2  0.36   1.6  26.0    19     SSW

Max >=  90.0: 15
Max <=  32.0:  0
Min <=  32.0:  0
Min <=   0.0:  0
Max Rain: 0.28 on day 9
Days of Rain: 6 (>= 0.01 in)  1 (>= 0.10 in)  0 (>= 1.00 in)
Heat Base: 65.0  Cool Base: 65.0  Method: Integration
top