usa flag      colorado flag

Language: 

TigerDenWX Weather

 Latitude N 39° 38' 25"    Longitude W 104° 47' 13"    Elevation 5702 ft

NOAA Stlye Reports for TigerDenWX

Select a Year or Month report
V/Λ2020 > Jan Feb Mar Apr May Jun Jul Aug Sep Oct Nov Dec
V/Λ2019 > Jan Feb Mar Apr May Jun Jul Aug Sep Oct Nov Dec
V/Λ2018 > Jan Feb Mar Apr May Jun Jul Aug Sep Oct Nov Dec
V/Λ2017 > Jan Feb Mar Apr May Jun Jul Aug Sep Oct Nov Dec
V/Λ2016 > Jan Feb Mar Apr May Jun Jul Aug Sep Oct Nov Dec
V/Λ2015 > Jan Feb Mar Apr May Jun Jul Aug Sep Oct Nov Dec
V/Λ2014 > Jan Feb Mar Apr May Jun Jul Aug Sep Oct Nov Dec
V/Λ2013 > Jan Feb Mar Apr May Jun Jul Aug Sep Oct Nov Dec
V/Λ2012 > Jan Feb Mar Apr May Jun Jul Aug Sep Oct Nov Dec

Report for 2020 Jan
                   Monthly Climatological Summary for Jan 2020

Name: TigerDenWX   City: Aurora   State: Colorado
Elevation: 5702 ft  Lat: N 39° 38' 25"   Lon: W 104° 47' 13"

                  Temperature (°F), Rain (in), Wind Speed (mph)

                                      Heat  Cool        Avg
    Mean                              Deg   Deg         Wind                 Dom
Day Temp  High   Time   Low    Time   Days  Days  Rain  Speed High   Time    Dir
----------------------------------------------------------------------------------
 1  40.6  56.8   10:19  30.1   23:59  24.4   0.0  0.00   1.6  27.0   11:53     W
 2  34.4  46.1   12:06  24.6   23:59  30.6   0.0  0.00   0.8  15.0   14:15   NNW
 3  34.6  49.3   14:38  21.5   06:12  30.4   0.0  0.00   1.8  25.0   13:43     W
 4  44.0  61.9   14:19  27.7   00:00  20.9   0.0  0.00   1.0  16.0   20:48   SSW
 5  34.2  46.9   12:51  23.4   22:46  30.8   0.0  0.00   1.7  17.0   13:32    SE
 6  33.7  42.8   13:09  21.8   01:00  31.3   0.0  0.00   3.5  31.0   12:21     W
 7  42.5  58.5   14:36  30.2   01:03  22.5   0.0  0.00   0.7  12.0   06:16    SW
 8  43.7  61.0   13:45  32.1   23:21  21.3   0.0  0.00   1.6  18.0   11:52     S
 9  36.0  45.3   14:18  26.4   23:59  29.0   0.0  0.00   1.7  15.0   14:17    SE
10  24.8  33.8   11:03  14.4   22:35  40.2   0.0  0.00   1.5  16.0   10:40    NE
11  29.0  45.7   12:52  13.9   03:05  35.8   0.0  0.00   1.0  13.0   14:04   NNE
12  30.4  43.7   13:58  19.1   04:59  34.6   0.0  0.00   1.0  15.0   11:26   WSW
13  31.3  44.4   14:48  18.8   02:52  33.7   0.0  0.00   0.7  14.0   13:09     W
14  39.8  58.2   14:05  25.2   03:50  25.2   0.0  0.00   2.0  22.0   11:53   SSW
15  33.6  49.6   12:12  20.5   05:57  31.4   0.0  0.00   1.8  16.0   12:55    SE
16  34.2  42.5   14:19  27.2   06:47  30.6   0.0  0.00   4.2  23.0   03:00     S
17  38.4  53.3   10:02  23.0   06:31  26.6   0.0  0.00   3.5  26.0   11:34     W
18  30.7  46.7   13:55  17.2   06:25  34.1   0.0  0.00   1.2  20.0   01:27   ENE
19  31.7  47.9   14:32  18.3   07:19  33.3   0.0  0.00   0.5  10.0   15:33   ESE
20  37.2  54.4   13:50  22.3   07:40  27.8   0.0  0.00   0.6  10.0   23:27    SE
21  41.1  53.0   11:56  33.5   04:19  23.9   0.0  0.00   0.1  10.0   07:13     W
22  40.4  52.1   12:38  26.9   23:59  24.6   0.0  0.00   3.2  29.0   14:16     W
----------------------------------------------------------------------------------
    35.7  61.9     4    13.9    11   643.0   0.0  0.00   1.6  31.0     6      SW

Max >=  90.0:  0
Max <=  32.0:  0
Min <=  32.0: 20
Min <=   0.0:  0
Max Rain: 0.00 on day 0
Days of Rain: 0 (>= 0.01 in)  0 (>= 0.10 in)  0 (>= 1.00 in)
Heat Base: 65.0  Cool Base: 65.0  Method: Integration
top