usa flag      colorado flag

Language: 

TigerDenWX Weather

 Latitude N 39° 38' 25"    Longitude W 104° 47' 13"    Elevation 5702 ft

NOAA Stlye Reports for TigerDenWX

Select a Year or Month report
V/Λ2019 > Jan Feb Mar Apr May Jun Jul Aug Sep Oct Nov Dec
V/Λ2018 > Jan Feb Mar Apr May Jun Jul Aug Sep Oct Nov Dec
V/Λ2017 > Jan Feb Mar Apr May Jun Jul Aug Sep Oct Nov Dec
V/Λ2016 > Jan Feb Mar Apr May Jun Jul Aug Sep Oct Nov Dec
V/Λ2015 > Jan Feb Mar Apr May Jun Jul Aug Sep Oct Nov Dec
V/Λ2014 > Jan Feb Mar Apr May Jun Jul Aug Sep Oct Nov Dec
V/Λ2013 > Jan Feb Mar Apr May Jun Jul Aug Sep Oct Nov Dec
V/Λ2012 > Jan Feb Mar Apr May Jun Jul Aug Sep Oct Nov Dec

Report for 2019 Feb
                   Monthly Climatological Summary for Feb 2019

Name: TigerDenWX   City: Aurora   State: Colorado
Elevation: 5702 ft  Lat: N 39° 38' 25"   Lon: W 104° 47' 13"

                  Temperature (°F), Rain (in), Wind Speed (mph)

                                      Heat  Cool        Avg
    Mean                              Deg   Deg         Wind                 Dom
Day Temp  High   Time   Low    Time   Days  Days  Rain  Speed High   Time    Dir
----------------------------------------------------------------------------------
 1  40.4  57.6   12:14  25.7   06:01  24.6   0.0  0.00   0.7  10.0   15:13    SE
 2  44.3  61.8   13:47  29.9   04:30  20.6   0.0  0.00   0.6   9.0   10:07   SSE
 3  49.3  63.4   14:04  38.0   21:30  15.7   0.0  0.00   2.6  28.0   13:33   SSW
 4  43.1  58.0   11:49  26.5   23:58  21.9   0.0  0.00   2.6  21.0   14:23     S
 5  36.4  56.5   14:40  19.7   07:00  28.6   0.0  0.00   1.3  18.0   13:46    SW
 6  18.4  36.9   00:00   3.9   23:25  46.6   0.0  0.09   1.8  11.0   15:20   NNE
 7  11.3  24.9   13:38  -2.5   06:22  53.7   0.0  0.00   1.0  10.0   13:47    NE
 8  22.6  38.9   12:31   8.1   06:51  42.4   0.0  0.00   1.0  10.0   02:33     E
 9  32.4  53.0   14:20  21.5   00:21  32.4   0.0  0.00   1.4  16.0   13:28   WSW
10  27.7  50.7   12:27  17.9   07:01  37.3   0.0  0.00   1.3  15.0   12:32    NW
11  30.3  45.1   10:00  15.9   06:21  34.7   0.0  0.00   2.6  18.0   19:23   WNW
12  36.2  52.2   14:01  22.1   02:33  28.8   0.0  0.00   1.0  13.0   11:39   SSE
13  45.1  62.7   13:25  26.6   02:30  19.9   0.0  0.00   1.1  16.0   20:04   ENE
14  40.9  58.1   12:03  31.6   21:26  24.1   0.0  0.00   1.8  18.0   12:58   ENE
15  42.4  60.9   15:16  25.4   07:09  22.6   0.0  0.00   2.2  20.0   14:16   WSW
16  30.8  47.6   11:32  23.1   05:12  34.0   0.0  0.04   2.1  18.0   12:19    NW
17  24.5  37.6   11:25  14.3   06:56  40.5   0.0  0.00   2.0  18.0   15:04   ENE
18  16.5  23.2   13:06   8.5   06:49  48.5   0.0  0.00   2.0  11.0   09:12     W
19  17.4  22.0   14:52  13.4   23:56  47.6   0.0  0.00   1.6  11.0   14:21     W
----------------------------------------------------------------------------------
    32.1  63.4     3    -2.5     7   624.5   0.0  0.13   1.6  28.0     3       W

Max >=  90.0:  0
Max <=  32.0:  3
Min <=  32.0: 18
Min <=   0.0:  1
Max Rain: 0.09 on day 6
Days of Rain: 2 (>= 0.01 in)  0 (>= 0.10 in)  0 (>= 1.00 in)
Heat Base: 65.0  Cool Base: 65.0  Method: Integration
top