TigerDenWX Weather
Latitude N 39° 38' 25" Longitude W 104° 47' 13" Elevation 5702 ft
NOAA Stlye Reports for TigerDenWX
Select a Year or Month report
Report for 2024 Mar Monthly Climatological Summary for Mar 2024 Name: TigerDenWX City: Aurora State: Colorado Elevation: 5702 ft Lat: N 39° 38' 25" Lon: W 104° 47' 13" Temperature (°F), Rain (in), Wind Speed (mph) Heat Cool Avg Mean Deg Deg Wind Dom Day Temp High Time Low Time Days Days Rain Speed High Time Dir ---------------------------------------------------------------------------------- 1 51.1 66.8 15:35 38.9 02:32 14.0 0.1 0.00 1.3 15.0 23:53 SSW 2 54.7 68.4 12:20 39.5 02:59 10.7 0.5 0.00 3.5 25.0 14:20 S 3 42.5 56.3 15:48 27.4 23:57 22.5 0.0 0.04 3.8 27.0 14:59 WSW 4 36.3 50.8 16:17 23.5 05:21 28.7 0.0 0.00 2.3 19.0 12:37 ESE 5 36.3 50.4 14:28 21.7 05:50 28.7 0.0 0.00 1.9 13.0 14:45 SE 6 47.3 61.0 13:29 32.5 01:57 17.6 0.0 0.00 1.7 16.0 20:11 E 7 36.5 43.1 11:56 30.1 23:56 28.5 0.0 0.00 1.9 14.0 12:27 NNE 8 28.4 31.9 15:50 23.4 22:49 36.6 0.0 0.00 2.1 12.0 10:59 N 9 38.1 56.3 15:34 22.1 03:43 26.8 0.0 0.00 0.8 9.0 21:36 SSE 10 49.1 67.4 16:29 32.6 05:35 15.6 0.3 0.00 1.2 10.0 10:44 SSE 11 47.3 62.7 16:10 33.5 07:00 17.7 0.0 0.00 0.9 15.0 15:38 E 12 47.6 62.0 15:47 32.6 05:11 17.4 0.0 0.00 1.5 13.0 16:37 NE 13 44.2 55.4 14:52 34.2 23:45 20.8 0.0 1.41 1.9 14.0 15:02 NNE 14 33.5 34.8 13:52 32.6 23:53 31.5 0.0 1.81 1.2 16.0 15:03 NNW 15 35.8 42.9 15:28 31.4 23:37 29.2 0.0 0.02 1.8 19.0 14:06 SSE 16 38.5 49.0 14:30 26.1 05:11 26.4 0.0 0.00 1.1 12.0 12:07 NNW 17 40.4 47.0 12:25 34.1 06:47 24.6 0.0 0.00 0.9 10.0 17:07 N 18 42.7 56.4 17:03 28.5 05:13 22.3 0.0 0.00 0.8 13.0 14:34 SSE ---------------------------------------------------------------------------------- 41.7 68.4 2 21.7 5 419.6 0.9 3.28 1.7 27.0 3 ESE Max >= 90.0: 0 Max <= 32.0: 1 Min <= 32.0: 9 Min <= 0.0: 0 Max Rain: 1.81 on day 14 Days of Rain: 4 (>= 0.01 in) 2 (>= 0.10 in) 2 (>= 1.00 in) Heat Base: 65.0 Cool Base: 65.0 Method: Integration |