usa flag      colorado flag

Language: 

TigerDenWX Weather

 Latitude N 39° 38' 25"    Longitude W 104° 47' 13"    Elevation 5702 ft

NOAA Stlye Reports for TigerDenWX


Report for 2021 Sep
                   Monthly Climatological Summary for Sep 2021

Name: TigerDenWX   City: Aurora   State: Colorado
Elevation: 5702 ft  Lat: N 39° 38' 25"   Lon: W 104° 47' 13"

                  Temperature (°F), Rain (in), Wind Speed (mph)

                                      Heat  Cool        Avg
    Mean                              Deg   Deg         Wind                 Dom
Day Temp  High   Time   Low    Time   Days  Days  Rain  Speed High   Time    Dir
----------------------------------------------------------------------------------
 1  74.7  86.5   13:34  62.3   23:59   0.1   9.8  0.02   1.3  15.0   21:13   WNW
 2  69.7  82.7   14:21  56.2   06:53   1.5   6.2  0.00   0.8  10.0   12:58    NW
 3  68.1  83.7   13:00  59.2   23:58   1.1   4.1  0.34   0.9  17.0   13:49    SE
 4  68.3  84.6   15:53  54.6   06:09   3.1   6.4  0.00   0.6  12.0   18:39    SE
 5  70.0  85.7   15:42  52.8   06:19   2.6   7.5  0.00   0.4  11.0   14:42     E
 6  73.5  93.0   17:05  57.7   06:55   1.8  10.4  0.00   0.3   8.0   13:52   ESE
 7  69.7  84.7   16:26  54.6   06:52   2.4   7.2  0.00   0.6  10.0   09:01    NE
 8  71.2  87.2   15:57  55.3   07:06   1.6   7.8  0.00   0.6  11.0   02:07   NNE
 9  73.0  94.6   15:22  51.8   05:20   3.2  11.2  0.00   0.4  10.0   16:37    NE
10  77.8  96.5   16:44  60.4   07:03   0.3  13.1  0.00   0.3   8.0   11:58    SW
11  77.4  95.1   14:20  55.5   06:05   1.4  13.8  0.00   0.9  27.0   18:18   NNW
12  70.5  83.9   12:15  59.0   03:27   1.3   6.8  0.00   1.3  19.0   14:56   ENE
13  70.6  84.1   15:19  62.2   06:25   0.4   6.1  0.00   1.1  20.0   09:33    NE
14  65.6  80.5   11:46  51.6   06:52   3.6   4.2  0.00   1.0  15.0   12:38   NNW
15  72.2  90.0   16:10  56.2   02:43   2.6   9.7  0.00   0.5   9.0   15:31     N
16  74.0  93.3   15:33  55.5   06:42   1.7  10.6  0.00   0.6  19.0   17:00    SW
17  59.3  72.6   17:32  47.8   06:12   6.9   1.2  0.00   2.1  20.0   00:55   NNW
18  71.5  93.0   15:52  50.8   03:23   4.0  10.5  0.00   0.6  13.0   16:08   SSE
19  71.5  86.4   16:21  56.7   06:57   1.6   8.1  0.00   0.8  14.0   14:18   WNW
20  57.9  66.0   15:14  47.3   23:43   7.2   0.1  0.00   2.8  20.0   00:46   NNE
21  52.2  65.8   16:23  38.9   07:00  12.8   0.0  0.03   0.6   9.0   13:35   ENE
22  60.0  79.4   16:19  40.2   03:42   9.0   4.1  0.00   0.4  10.0   13:57     E
23  65.9  82.1   14:58  47.9   06:48   4.9   5.8  0.00   0.5  12.0   15:57    NE
24  59.3  74.3   16:05  45.5   06:58   7.5   1.8  0.00   0.7  12.0   14:52   NNE
----------------------------------------------------------------------------------
    68.5  96.5    10    38.9    21    82.6 166.5  0.39   0.8  27.0    11     NNE

Max >=  90.0:  7
Max <=  32.0:  0
Min <=  32.0:  0
Min <=   0.0:  0
Max Rain: 0.34 on day 3
Days of Rain: 3 (>= 0.01 in)  1 (>= 0.10 in)  0 (>= 1.00 in)
Heat Base: 65.0  Cool Base: 65.0  Method: Integration
top