usa flag      colorado flag

Language: 

TigerDenWX Weather

 Latitude N 39° 38' 25"    Longitude W 104° 47' 13"    Elevation 5702 ft

NOAA Stlye Reports for TigerDenWX


Report for 2019 Nov
                   Monthly Climatological Summary for Nov 2019

Name: TigerDenWX   City: Aurora   State: Colorado
Elevation: 5702 ft  Lat: N 39° 38' 25"   Lon: W 104° 47' 13"

                  Temperature (°F), Rain (in), Wind Speed (mph)

                                      Heat  Cool        Avg
    Mean                              Deg   Deg         Wind                 Dom
Day Temp  High   Time   Low    Time   Days  Days  Rain  Speed High   Time    Dir
----------------------------------------------------------------------------------
 1  29.2  36.8   15:07  21.2   07:22  35.8   0.0  0.00   0.8  13.0   10:31    NE
 2  37.6  62.7   14:21  24.2   00:00  27.2   0.0  0.00   1.0  11.0   01:55    SE
 3  45.1  61.2   11:39  30.1   05:43  20.7   0.0  0.00   0.8  15.0   21:38     E
 4  41.1  52.3   14:28  32.5   21:17  23.9   0.0  0.00   0.9  10.0   00:44     N
 5  44.7  61.3   14:02  30.1   06:39  20.3   0.0  0.00   0.7  11.0   00:45    SE
 6  37.2  62.1   11:10  28.8   23:00  27.8   0.0  0.00   1.5  23.0   12:42    NE
 7  39.3  53.4   14:50  28.9   00:00  25.7   0.0  0.00   0.7  11.0   14:35   NNE
 8  47.8  71.1   14:34  28.5   03:54  17.8   0.6  0.00   0.8  15.0   15:49     W
 9  55.6  78.0   13:32  41.7   23:21  12.0   2.6  0.00   0.7   9.0   04:23   SSW
10  49.5  68.7   11:35  26.1   23:40  15.8   0.3  0.00   1.9  24.0   19:22   NNE
11  20.7  27.6   15:08  14.0   06:54  44.3   0.0  0.03   1.3  13.0   00:30   NNE
----------------------------------------------------------------------------------
    40.7  78.0     9    14.0    11   271.3   3.5  0.03   1.0  24.0    10      NE

Max >=  90.0:  0
Max <=  32.0:  1
Min <=  32.0:  9
Min <=   0.0:  0
Max Rain: 0.03 on day 11
Days of Rain: 1 (>= 0.01 in)  0 (>= 0.10 in)  0 (>= 1.00 in)
Heat Base: 65.0  Cool Base: 65.0  Method: Integration
top