usa flag      colorado flag

Language: 

TigerDenWX Weather

 Latitude N 39° 38' 25"    Longitude W 104° 47' 13"    Elevation 5702 ft

NOAA Stlye Reports for TigerDenWX

Select a Year or Month report

Report for 2019 Jun
                   Monthly Climatological Summary for Jun 2019

Name: TigerDenWX   City: Aurora   State: Colorado
Elevation: 5702 ft  Lat: N 39° 38' 25"   Lon: W 104° 47' 13"

                  Temperature (°F), Rain (in), Wind Speed (mph)

                                      Heat  Cool        Avg
    Mean                              Deg   Deg         Wind                 Dom
Day Temp  High   Time   Low    Time   Days  Days  Rain  Speed High   Time    Dir
----------------------------------------------------------------------------------
 1  60.7  77.7   13:10  45.8   05:41   6.5   2.3  0.18   1.4  20.0   14:23   ESE
 2  66.7  83.8   13:12  52.4   05:32   3.5   5.2  0.00   1.6  15.0   14:55   SSE
 3  63.3  83.1   12:06  48.3   05:12   5.4   3.8  0.17   1.0  19.0   14:16     E
 4  65.3  79.2   12:09  50.6   05:00   4.4   4.7  0.00   1.2  16.0   14:32   ESE
 5  63.9  76.9   14:21  48.5   04:11   5.0   4.0  0.00   1.3  16.0   21:07     S
 6  68.1  81.8   15:49  50.5   05:44   3.5   6.6  0.00   1.2  16.0   17:12   ESE
 7  71.7  87.5   11:45  60.5   05:46   0.7   7.4  0.00   1.4  16.0   14:21   SSE
 8  67.2  82.6   11:21  49.5   23:59   2.3   4.5  0.05   2.5  20.0   12:58   NNE
 9  51.4  64.1   16:52  45.4   04:06  13.5   0.0  0.00   1.1  14.0   00:20   NNE
10  63.6  80.9   16:42  47.2   05:03   5.6   4.2  0.00   1.8  17.0   11:54    SE
11  64.3  78.1   14:47  49.1   05:39   4.6   3.9  0.00   2.2  17.0   13:01   NNE
12  63.8  73.4   16:13  55.6   05:54   3.6   2.3  0.00   1.2  14.0   14:45   ENE
13  69.9  85.8   15:04  53.3   05:43   2.5   7.4  0.02   1.3  19.0   19:46   SSE
14  70.4  84.4   13:24  57.7   04:35   1.3   6.7  0.00   1.4  16.0   16:37    NE
15  65.8  77.6   13:32  53.2   04:24   2.9   3.7  0.01   1.2  15.0   12:33   NNW
----------------------------------------------------------------------------------
    65.1  87.5     7    45.4     9    65.3  66.7  0.43   1.5  20.0     1       E

Max >=  90.0:  0
Max <=  32.0:  0
Min <=  32.0:  0
Min <=   0.0:  0
Max Rain: 0.18 on day 1
Days of Rain: 5 (>= 0.01 in)  2 (>= 0.10 in)  0 (>= 1.00 in)
Heat Base: 65.0  Cool Base: 65.0  Method: Integration
top