usa flag      colorado flag

Language: 

TigerDenWX Weather

 Latitude N 39° 38' 25"    Longitude W 104° 47' 13"    Elevation 5702 ft

NOAA Stlye Reports for TigerDenWX

Select a Year or Month report

Report for 2024 Apr
                   Monthly Climatological Summary for Apr 2024

Name: TigerDenWX   City: Aurora   State: Colorado
Elevation: 5702 ft  Lat: N 39° 38' 25"   Lon: W 104° 47' 13"

                  Temperature (°F), Rain (in), Wind Speed (mph)

                                      Heat  Cool        Avg
    Mean                              Deg   Deg         Wind                 Dom
Day Temp  High   Time   Low    Time   Days  Days  Rain  Speed High   Time    Dir
----------------------------------------------------------------------------------
 1  42.5  50.9   13:30  36.3   21:26  22.5   0.0  0.04   2.7  19.0   16:39     N
 2  44.7  59.6   16:57  28.8   04:37  20.3   0.0  0.00   2.4  19.0   10:40   NNW
 3  52.7  70.4   16:05  33.7   06:25  13.0   0.7  0.00   1.8  18.0   11:41   NNW
 4  59.0  77.4   15:56  40.5   04:31   9.0   3.0  0.00   2.1  15.0   23:31    SE
 5  61.8  75.5   15:47  50.1   03:54   5.9   2.7  0.00   3.3  25.0   16:41   SSE
 6  46.8  58.0   00:29  39.0   23:47  18.1   0.0  0.00   5.6  28.0   14:04     W
 7  46.1  59.2   15:32  32.7   06:53  18.9   0.0  0.00   4.1  22.0   09:33   WNW
 8  45.2  58.6   16:42  28.6   06:00  19.8   0.0  0.00   1.4  13.0   22:23   ENE
 9  48.2  64.0   16:52  31.5   06:35  16.8   0.0  0.00   1.2  12.0   15:20    NE
10  48.3  59.8   14:03  36.4   06:52  16.7   0.0  0.00   2.4  17.0   20:07   NNE
11  49.5  63.7   17:02  33.7   06:52  15.5   0.0  0.00   1.3  13.0   13:01   ENE
12  61.1  77.8   16:20  43.6   05:46   7.6   3.7  0.00   2.2  13.0   16:42    SE
13  64.7  77.2   16:13  52.4   02:04   4.2   4.0  0.00   1.7  18.0   14:21     N
14  64.5  80.8   15:23  46.2   02:43   6.0   5.6  0.00   2.8  19.0   14:59    SE
15  60.4  76.0   13:10  45.9   06:36   7.4   2.8  0.00   3.7  24.0   19:00    SW
16  54.7  67.0   16:27  42.0   05:39  10.5   0.1  0.33   3.4  25.0   14:35   WNW
17  57.2  75.0   14:19  38.8   23:52  10.1   2.3  0.00   2.7  21.0   19:19   NNE
18  34.4  38.8   00:00  31.4   07:15  30.6   0.0  0.09   2.9  14.0   01:10   NNE
19  35.7  41.8   13:10  30.7   23:57  29.3   0.0  0.11   1.8  13.0   15:31   NNW
20  32.8  36.5   12:46  30.5   02:33  31.9   0.0  0.18   1.0  12.0   14:03    NW
21  47.2  66.5   16:57  32.3   00:00  17.9   0.1  0.19   1.6  15.0   18:14    SE
22  62.5  76.0   14:08  47.7   02:17   5.7   3.2  0.00   1.7  21.0   16:31   WSW
----------------------------------------------------------------------------------
    50.9  80.8    14    28.6     8   337.7  28.2  0.94   2.4  28.0     6     NNW

Max >=  90.0:  0
Max <=  32.0:  0
Min <=  32.0:  6
Min <=   0.0:  0
Max Rain: 0.33 on day 16
Days of Rain: 6 (>= 0.01 in)  4 (>= 0.10 in)  0 (>= 1.00 in)
Heat Base: 65.0  Cool Base: 65.0  Method: Integration
top