usa flag      colorado flag

Language: 

TigerDenWX Weather

 Latitude N 39° 38' 25"    Longitude W 104° 47' 13"    Elevation 5702 ft

NOAA Stlye Reports for TigerDenWX

Select a Year or Month report

Report for 2019 Apr
                   Monthly Climatological Summary for Apr 2019

Name: TigerDenWX   City: Aurora   State: Colorado
Elevation: 5702 ft  Lat: N 39° 38' 25"   Lon: W 104° 47' 13"

                  Temperature (°F), Rain (in), Wind Speed (mph)

                                      Heat  Cool        Avg
    Mean                              Deg   Deg         Wind                 Dom
Day Temp  High   Time   Low    Time   Days  Days  Rain  Speed High   Time    Dir
----------------------------------------------------------------------------------
 1  44.6  58.3   16:23  30.2   06:21  20.4   0.0  0.00   2.2  19.0   14:21   NNW
 2  44.9  57.5   15:36  34.1   04:28  20.1   0.0  0.00   1.0  10.0   17:09    NW
 3  48.7  64.5   15:57  36.5   07:00  16.3   0.0  0.00   0.8  15.0   16:58   WSW
 4  52.9  68.0   15:16  36.3   03:17  12.6   0.5  0.00   1.1  14.0   14:42   WNW
 5  56.7  72.4   15:55  41.8   06:47   9.6   1.4  0.00   1.1  13.0   14:13     S
 6  56.7  68.8   13:27  42.5   04:47   8.7   0.4  0.00   1.3  19.0   17:23   WNW
 7  57.9  71.6   15:46  39.1   06:20   8.1   1.0  0.00   1.9  17.0   17:48   WNW
 8  59.9  74.8   14:41  41.5   06:43   7.6   2.5  0.00   1.2  13.0   16:39   NNW
 9  63.6  80.5   15:39  49.3   04:14   5.3   3.9  0.00   2.0  26.0   15:16     S
10  36.0  55.3   03:16  19.3   23:57  29.0   0.0  0.33   3.7  20.0   20:51     N
11  28.4  40.8   16:15  17.7   02:22  36.6   0.0  0.09   2.0  16.0   00:24     N
12  33.5  44.9   16:27  24.9   07:16  31.5   0.0  0.06   1.9  12.0   16:58     E
13  36.0  47.5   17:27  28.0   03:35  28.8   0.0  0.04   0.7  12.0   14:00     S
14  49.0  68.2   15:58  32.8   03:20  16.3   0.2  0.00   1.6  13.0   15:35     S
15  58.9  74.4   16:20  46.5   06:36   8.0   1.9  0.00   1.8  17.0   21:50    SE
16  52.1  70.9   14:35  37.7   06:20  13.3   0.4  0.00   1.3  17.0   16:55   NNW
17  51.5  62.6   16:51  41.7   05:32  13.5   0.0  0.00   1.8  18.0   08:06   NNE
----------------------------------------------------------------------------------
    48.9  80.5     9    17.7    11   285.7  12.2  0.52   1.6  26.0     9     NNW

Max >=  90.0:  0
Max <=  32.0:  0
Min <=  32.0:  5
Min <=   0.0:  0
Max Rain: 0.33 on day 10
Days of Rain: 4 (>= 0.01 in)  1 (>= 0.10 in)  0 (>= 1.00 in)
Heat Base: 65.0  Cool Base: 65.0  Method: Integration
top