usa flag      colorado flag

Language: 

TigerDenWX Weather

 Latitude N 39° 38' 25"    Longitude W 104° 47' 13"    Elevation 5702 ft

NOAA Stlye Reports for TigerDenWX


Report for 2024
                   Annual Climatological Summary for 2024

Name: TigerDenWX   City: Aurora   State: Colorado
Elevation: 5702 ft  Lat: N 39° 38' 25"   Lon: W 104° 47' 13"

                  Temperature (°F), Heat Base: 65.0  Cool Base: 65.0
                          Dep.  Heat  Cool                       Max  Max  Min  Min
        Mean  Mean        From  Deg   Deg                        >=   <=   <=   <=
 YR MO  Max   Min   Mean  Norm  Days  Days  Hi  Date  Low  Date 90.0 32.0 32.0   0.0
------------------------------------------------------------------------------------
 24  1  43.5  18.6  30.3   0.3  1073     0  62.8  30  -7.9   13    0    4   31    4
 24  2  53.2  27.8  39.8   5.8   730     0  68.2  20  14.5   17    0    0   21    0
 24  3  56.0  30.0  42.6   4.6   693     1  68.8  23  15.8   26    0    2   16    0
 24  4  65.0  38.8  51.6   3.6   436    35  80.8  14  28.6    8    0    0    6    0
 24  5  71.8  44.6  57.7   0.7   284    59  87.1  29  32.9    8    0    0    0    0
 24  6  89.1  58.6  73.5   6.5    37   293  98.6  25  51.6    2   15    0    0    0
 24  7  89.1  58.8  73.7  -0.3    31   241  99.7  12  48.8    4   10    0    0    0
 24  8
 24  9
 24 10
 24 11
 24 12
------------------------------------------------------------------------------------
        66.8  39.6  52.8   3.1  3288   631  99.7 Jul  -7.9  Jan   25    6   74    4

                                Precipitation (in)

              Dep.   Max        Days of Rain
              From   Obs.           >=
 YR MO Total  Norm   Day Date 0.01 0.10 1.00
---------------------------------------------
 24  1  0.28 -0.21  0.20  26     3    1    0
 24  2  1.36  0.89  0.76   3     7    4    0
 24  3  3.57  2.07  1.81  14     6    3    2
 24  4  1.67 -0.41  0.72  27     8    5    0
 24  5  0.91 -1.94  0.36  12     8    3    0
 24  6  0.36 -1.64  0.28   9     6    1    0
 24  7  0.98 -1.48  0.78  20     6    1    0
 24  8
 24  9
 24 10
 24 11
 24 12
---------------------------------------------
        9.13 -2.72  1.81  Mar   44   18    2

                                Wind Speed (mph)
                          Dom
 YR MO   Avg.  Hi   Date  Dir
------------------------------
 24  1   1.4  29.0   10   NNW
 24  2   1.7  33.0   23    SW
 24  3   1.8  27.0    3    NE
 24  4   2.3  28.0    6   NNW
 24  5   2.5  38.0    6    SE
 24  6   1.6  26.0   19   NNE
 24  7   1.3  26.0    3     N
 24  8
 24  9
 24 10
 24 11
 24 12
------------------------------
         1.8  38.0  May     N
top