TigerDenWX Weather
Latitude N 39° 38' 25" Longitude W 104° 47' 13" Elevation 5702 ft
NOAA Stlye Reports for TigerDenWX
Select a Year or Month report
Report for 2012 Jul Monthly Climatological Summary for Jul 2012 Name: TigerDenWX City: Aurora State: Colorado Elevation: 5702 ft Lat: N 39° 38' 25" Lon: W 104° 47' 13" Temperature (°F), Rain (in), Wind Speed (mph) Heat Cool Avg Mean Deg Deg Wind Dom Day Temp High Time Low Time Days Days Rain Speed High Time Dir ---------------------------------------------------------------------------------- 1 83.0 100.8 17:09 66.5 05:44 0.0 18.0 0.00 2.2 32.0 12:54 ESE 2 82.6 99.8 15:32 62.9 06:21 0.1 16.5 0.00 2.3 23.0 00:40 NW 3 77.5 97.2 13:17 66.5 05:48 0.0 12.3 0.00 1.6 23.0 14:39 SW 4 81.0 96.2 16:17 62.7 06:20 0.1 15.6 0.00 1.0 13.0 12:08 NNE 5 81.5 98.3 15:49 66.2 06:20 0.0 16.1 0.00 1.6 16.0 17:11 E 6 71.9 86.9 14:35 60.2 05:46 0.5 7.5 0.03 1.7 21.0 16:55 N 7 67.5 83.3 13:55 60.7 23:23 1.7 4.2 0.85 1.0 21.0 16:51 E 8 65.9 76.2 16:20 60.7 00:00 1.6 2.5 0.01 0.4 8.0 10:51 NNW 9 68.0 79.6 15:52 60.2 05:21 1.1 4.1 0.06 0.6 11.0 18:04 E 10 73.1 86.5 17:46 60.6 05:43 0.9 9.0 0.00 0.6 12.0 23:15 ESE 11 76.7 90.2 17:23 62.1 05:43 0.3 12.0 0.00 0.9 12.0 00:38 SSE 12 77.6 91.4 15:01 61.3 04:56 0.4 13.0 0.00 0.9 13.0 13:57 N 13 79.5 95.9 15:25 60.8 05:17 0.3 14.8 0.00 0.7 12.0 18:47 NE 14 82.3 94.8 16:02 67.1 03:30 0.0 14.7 0.00 1.4 15.0 13:12 SE 15 79.9 97.6 15:35 65.8 04:58 0.0 14.9 0.00 1.0 15.0 17:10 WNW 16 73.0 93.3 15:33 59.3 05:37 1.0 9.0 0.44 1.6 17.0 13:22 SSE 17 74.0 90.1 16:43 57.5 06:10 1.4 10.3 0.00 0.9 13.0 19:53 N 18 77.4 96.4 15:45 60.5 06:10 0.4 12.8 0.00 1.2 21.0 17:47 S 19 81.2 98.4 13:51 65.9 04:37 0.0 16.2 0.00 0.9 13.0 17:09 SSE 20 83.7 98.9 15:20 67.5 06:08 0.0 18.7 0.00 1.2 17.0 15:59 ESE 21 82.5 101.2 15:43 62.4 06:34 0.1 17.6 0.00 0.6 11.0 16:17 SSE 22 79.4 97.1 14:58 67.3 03:23 0.0 14.4 0.02 0.9 10.0 04:36 W 23 78.5 100.1 16:30 59.7 06:22 0.6 14.1 0.00 1.0 19.0 19:13 W 24 79.7 96.3 14:01 61.2 05:31 0.4 15.0 0.00 0.8 14.0 14:49 NNE 25 74.6 88.3 17:46 62.7 05:03 0.2 9.8 0.00 0.8 18.0 16:24 NNE 26 77.0 93.2 16:38 59.1 03:12 1.1 13.1 0.00 0.8 13.0 14:33 N 27 74.4 95.9 12:15 61.9 05:49 0.2 9.6 0.06 1.5 18.0 15:22 SSW 28 75.7 93.5 15:00 62.1 06:07 0.2 10.8 0.01 1.6 17.0 18:52 WSW 29 76.3 93.7 15:15 64.1 23:40 0.0 11.3 0.05 1.6 21.0 17:11 WNW 30 73.0 90.6 14:04 63.1 06:12 0.2 8.2 0.02 0.7 14.0 16:15 NW 31 76.4 95.7 13:47 64.4 01:16 0.0 11.4 0.03 2.0 24.0 14:02 S ---------------------------------------------------------------------------------- 76.9 101.2 21 57.5 17 12.8 377.5 1.58 1.2 32.0 1 S Max >= 80.0: 29 Max <= 32.0: 0 Min <= 32.0: 0 Min <= 0.0: 0 Max Rain: 0.85 on day 7 Days of Rain: 11 (>= 0.01 in) 2 (>= 0.10 in) 0 (>= 1.00 in) Heat Base: 65.0 Cool Base: 65.0 Method: Integration |