TigerDenWX Weather
Latitude N 39° 38' 25" Longitude W 104° 47' 13" Elevation 5702 ft
NOAA Stlye Reports for TigerDenWX
Select a Year or Month report
Report for 2014 Jun Monthly Climatological Summary for Jun 2014 Name: TigerDenWX City: Aurora State: Colorado Elevation: 5702 ft Lat: N 39° 38' 25" Lon: W 104° 47' 13" Temperature (°F), Rain (in), Wind Speed (mph) Heat Cool Avg Mean Deg Deg Wind Dom Day Temp High Time Low Time Days Days Rain Speed High Time Dir ---------------------------------------------------------------------------------- 1 70.0 84.5 14:44 53.2 05:40 2.2 7.2 0.00 1.6 20.0 14:21 N 2 70.0 84.7 15:56 50.6 05:47 2.8 7.8 0.00 1.2 15.0 17:50 SE 3 76.5 92.3 16:21 60.0 05:52 0.7 12.2 0.00 3.1 26.0 14:52 WSW 4 67.4 85.4 14:43 51.9 05:21 3.4 5.9 0.05 2.1 23.0 21:20 ESE 5 62.7 77.2 12:52 48.4 05:49 4.8 2.5 0.37 1.8 21.0 14:03 ESE 6 65.5 79.0 17:59 53.1 23:23 3.9 4.5 0.04 2.5 19.0 18:17 SE 7 59.2 72.5 16:01 47.3 04:23 6.9 1.2 0.00 1.3 15.0 16:48 NE 8 54.9 69.5 09:58 45.1 22:04 10.3 0.2 0.86 2.3 27.0 12:32 NW 9 55.2 68.3 16:32 40.5 06:00 10.2 0.4 0.00 2.0 18.0 11:52 N 10 67.0 83.2 16:14 50.0 01:52 4.4 6.4 0.00 1.0 17.0 16:24 WNW 11 66.5 85.4 11:41 54.6 23:51 2.4 3.9 0.01 1.0 19.0 15:07 NE 12 64.3 78.4 16:25 54.6 00:00 3.7 3.1 0.01 1.4 17.0 23:16 SE 13 73.9 91.6 16:30 56.5 05:11 2.2 11.0 0.00 1.9 21.0 18:41 SSW 14 61.8 76.2 13:42 47.6 23:56 5.4 2.2 0.26 1.4 17.0 11:15 NE 15 61.7 76.6 15:55 42.9 05:42 7.1 3.8 0.01 1.0 16.0 12:59 SE 16 70.9 87.9 16:46 53.3 04:49 3.4 9.3 0.00 1.7 22.0 16:56 SW 17 73.5 89.2 17:59 55.8 05:53 2.1 10.7 0.00 1.3 16.0 14:19 S 18 66.3 81.4 16:53 53.2 21:41 3.0 4.3 0.13 2.8 27.0 18:42 ENE 19 65.5 80.8 16:26 47.0 05:49 5.0 5.5 0.00 1.2 15.0 16:55 ENE 20 70.2 84.7 15:52 50.1 06:10 3.2 8.5 0.00 0.9 13.0 12:49 NE 21 69.1 86.4 13:41 56.2 05:49 1.7 5.7 0.01 0.7 24.0 15:11 ESE 22 65.2 79.4 16:48 53.6 05:55 3.5 3.8 0.00 1.4 22.0 13:17 NW 23 65.2 82.6 14:38 49.8 05:56 4.2 4.4 0.00 1.1 13.0 15:11 N 24 66.8 79.3 17:28 57.1 06:03 2.7 4.5 0.04 1.3 17.0 22:07 NE 25 72.5 86.5 12:28 56.6 05:25 1.6 9.1 0.00 1.3 31.0 13:32 SSE 26 73.9 91.1 14:19 55.6 06:05 1.7 10.6 0.00 0.7 25.0 15:53 E 27 66.3 80.5 12:15 57.2 05:58 1.7 3.0 0.04 1.2 21.0 13:14 N 28 70.2 83.3 17:36 55.8 02:09 1.7 6.8 0.00 2.1 23.0 10:08 WNW 29 75.2 93.8 16:10 52.2 06:02 1.6 11.8 0.00 1.0 16.0 14:56 ESE 30 73.5 89.5 13:35 56.0 04:56 1.5 10.0 0.00 1.6 20.0 13:54 NE ---------------------------------------------------------------------------------- 67.4 93.8 29 40.5 9 109.0 180.3 1.83 1.5 31.0 25 ENE Max >= 80.0: 20 Max <= 32.0: 0 Min <= 32.0: 0 Min <= 0.0: 0 Max Rain: 0.86 on day 8 Days of Rain: 12 (>= 0.01 in) 4 (>= 0.10 in) 0 (>= 1.00 in) Heat Base: 65.0 Cool Base: 65.0 Method: Integration |