TigerDenWX Weather
Latitude N 39° 38' 25" Longitude W 104° 47' 13" Elevation 5702 ft
NOAA Stlye Reports for TigerDenWX
Select a Year or Month report
Report for 2014 Aug Monthly Climatological Summary for Aug 2014 Name: TigerDenWX City: Aurora State: Colorado Elevation: 5702 ft Lat: N 39° 38' 25" Lon: W 104° 47' 13" Temperature (°F), Rain (in), Wind Speed (mph) Heat Cool Avg Mean Deg Deg Wind Dom Day Temp High Time Low Time Days Days Rain Speed High Time Dir ---------------------------------------------------------------------------------- 1 67.0 79.7 17:02 55.5 03:40 3.0 5.0 0.00 0.5 9.0 11:32 SE 2 68.7 81.9 14:27 54.1 05:24 2.8 6.5 0.00 0.6 10.0 13:15 SE 3 73.0 87.0 16:19 60.2 06:06 1.0 9.0 0.00 0.4 9.0 18:01 ENE 4 73.1 85.9 16:52 60.6 06:24 0.4 8.5 0.00 1.1 18.0 18:18 NNW 5 69.5 81.8 13:40 59.3 23:52 0.4 4.9 0.02 0.6 12.0 15:20 W 6 70.0 86.4 16:15 55.0 04:10 2.4 7.4 0.01 0.8 23.0 17:53 ENE 7 66.8 81.9 12:00 56.4 13:11 1.8 3.5 0.81 0.6 26.0 12:52 SSE 8 69.2 82.7 13:47 57.3 04:19 2.2 6.3 0.00 0.7 15.0 15:33 SSE 9 69.0 85.2 13:23 57.7 06:01 1.9 5.8 0.00 0.7 16.0 16:47 NNE 10 65.6 75.9 13:38 55.1 02:27 2.9 3.4 0.00 0.6 12.0 18:17 N 11 69.1 83.9 16:26 53.7 06:21 2.7 6.8 0.00 0.5 11.0 12:38 SE 12 73.2 87.2 16:24 59.3 06:28 1.1 9.3 0.00 0.6 14.0 14:28 E 13 75.5 90.4 15:43 63.7 04:23 0.2 10.6 0.00 1.0 16.0 18:58 SSW 14 71.0 84.6 14:08 61.8 23:56 0.2 6.2 0.04 1.2 17.0 15:40 NW 15 68.7 87.5 15:25 57.2 05:23 1.9 5.6 0.11 1.1 31.0 15:28 NW 16 73.6 90.2 17:05 57.9 06:00 1.4 10.0 0.00 0.5 11.0 13:26 W 17 74.2 90.2 13:06 58.1 06:36 0.6 9.8 0.00 0.7 15.0 13:50 SSE 18 72.2 86.6 12:55 56.6 05:49 1.4 8.6 0.00 0.9 16.0 14:30 SSE 19 68.7 89.9 14:13 57.8 04:01 2.3 6.0 0.14 0.4 22.0 15:39 SSW 20 71.2 84.7 13:44 57.6 06:30 1.2 7.3 0.00 0.7 16.0 16:11 E 21 70.0 85.7 16:19 57.5 04:54 1.5 6.5 0.01 0.5 12.0 19:40 E 22 64.1 69.9 12:28 60.0 06:29 2.1 1.2 0.06 0.5 15.0 19:13 ESE 23 64.6 79.4 13:27 54.0 06:06 3.6 3.2 0.02 0.6 19.0 15:33 N 24 67.7 82.9 16:03 52.8 04:03 3.4 6.1 0.00 0.6 9.0 13:33 NNE 25 64.0 78.1 14:27 52.7 06:47 3.4 2.4 0.13 1.0 18.0 17:06 E 26 66.0 80.1 13:32 58.5 06:30 2.3 3.3 0.08 1.3 22.0 15:08 SE 27 65.2 78.9 16:20 54.8 23:58 3.2 3.3 0.07 1.1 16.0 17:00 NNW 28 59.2 72.5 12:23 51.3 03:15 6.8 0.9 0.02 1.0 21.0 15:15 NW 29 63.7 80.3 14:04 52.2 02:50 4.8 3.5 0.01 0.7 17.0 14:55 NW 30 70.0 88.6 16:21 55.3 04:37 2.8 7.8 0.00 0.7 27.0 17:43 WSW 31 65.1 77.0 14:21 54.6 23:36 2.7 2.8 0.01 1.2 16.0 16:21 NE ---------------------------------------------------------------------------------- 68.7 90.4 13 51.3 28 68.4 181.5 1.54 0.8 31.0 15 NE Max >= 90.0: 3 Max <= 32.0: 0 Min <= 32.0: 0 Min <= 0.0: 0 Max Rain: 0.81 on day 7 Days of Rain: 15 (>= 0.01 in) 4 (>= 0.10 in) 0 (>= 1.00 in) Heat Base: 65.0 Cool Base: 65.0 Method: Integration |