usa flag      colorado flag

Language: 

TigerDenWX Weather

 Latitude N 39° 38' 25"    Longitude W 104° 47' 13"    Elevation 5702 ft

NOAA Stlye Reports for TigerDenWX

Select a Year or Month report
V/Λ2019 > Jan Feb Mar Apr May Jun Jul Aug Sep Oct Nov Dec
V/Λ2018 > Jan Feb Mar Apr May Jun Jul Aug Sep Oct Nov Dec
V/Λ2017 > Jan Feb Mar Apr May Jun Jul Aug Sep Oct Nov Dec
V/Λ2016 > Jan Feb Mar Apr May Jun Jul Aug Sep Oct Nov Dec
V/Λ2015 > Jan Feb Mar Apr May Jun Jul Aug Sep Oct Nov Dec
V/Λ2014 > Jan Feb Mar Apr May Jun Jul Aug Sep Oct Nov Dec
V/Λ2013 > Jan Feb Mar Apr May Jun Jul Aug Sep Oct Nov Dec
V/Λ2012 > Jan Feb Mar Apr May Jun Jul Aug Sep Oct Nov Dec

Report for 2015 May
                   Monthly Climatological Summary for May 2015

Name: TigerDenWX   City: Aurora   State: Colorado
Elevation: 5702 ft  Lat: N 39° 38' 25"   Lon: W 104° 47' 13"

                  Temperature (°F), Rain (in), Wind Speed (mph)

                                      Heat  Cool        Avg
    Mean                              Deg   Deg         Wind                 Dom
Day Temp  High   Time   Low    Time   Days  Days  Rain  Speed High   Time    Dir
----------------------------------------------------------------------------------
 1  55.9  66.2   12:02  47.8   06:17   9.1   0.0  0.06   0.7  11.0   14:09    NE
 2  61.9  76.3   14:40  49.1   04:08   6.3   3.2  0.00   1.1  18.0   15:56    NE
 3  60.2  76.0   12:27  47.3   05:58   7.4   2.6  0.00   1.6  21.0   17:16   ENE
 4  54.0  63.6   15:45  50.1   06:48  11.0   0.0  0.09   1.1  14.0   17:15     E
 5  51.4  55.7   12:55  48.1   03:36  13.6   0.0  0.15   0.5   9.0   12:35    NE
 6  54.2  64.4   13:27  48.2   04:14  10.8   0.0  0.01   0.6  12.0   12:45   NNE
 7  51.2  61.2   16:32  44.4   06:15  13.8   0.0  0.02   1.4  12.0   21:26   NNE
 8  49.6  55.9   13:15  46.0   14:05  15.4   0.0  0.90   1.7  19.0   17:22   ESE
 9  42.6  47.1   09:00  28.9   23:49  22.4   0.0  1.16   2.5  22.0   09:18   NNW
10  35.8  44.9   13:38  28.0   01:44  29.2   0.0  0.20   0.9  12.0   15:23   NNE
11  45.8  58.4   16:59  32.2   05:37  19.2   0.0  0.00   1.5  16.0   17:24   ESE
12  57.0  73.0   15:22  38.3   06:21   9.6   1.6  0.00   2.4  18.0   16:03   SSE
13  56.3  63.9   10:45  47.1   23:59   8.7   0.0  0.00   2.3  19.0   11:48   NNW
14  59.5  74.7   14:38  40.4   05:54   8.3   2.8  0.02   1.8  24.0   20:19   SSE
15  55.4  68.8   16:21  43.9   04:49   9.8   0.2  0.05   0.9  18.0   15:02   WNW
16  51.5  64.4   12:13  42.5   06:48  13.4   0.0  0.50   1.0  24.0   18:58   SSW
17  54.1  65.2   12:32  41.2   02:39  10.9   0.0  0.00   1.2  14.0   11:35   NNE
18  48.7  57.4   15:05  42.4   06:58  16.3   0.0  0.03   1.4  13.0   12:56     E
19  46.3  50.1   16:22  41.8   09:01  18.7   0.0  0.57   2.7  18.0   09:42   ESE
20  41.6  47.0   13:51  37.2   07:11  23.4   0.0  0.00   1.4  12.0   15:50    NE
21  48.5  55.4   13:38  40.7   01:35  16.5   0.0  0.00   0.8  12.0   13:51     N
22  51.6  60.7   16:33  47.1   23:20  13.4   0.0  0.16   1.6  14.0   17:21   NNE
23  51.1  63.6   14:07  41.4   23:33  13.9   0.0  0.51   0.9  21.0   15:31    SE
24  50.6  62.0   17:21  38.4   04:32  14.4   0.0  0.00   1.1  14.0   13:16    NE
25  53.9  68.2   15:49  39.1   05:16  11.4   0.2  0.04   1.4  16.0   16:47    NE
26  57.7  73.3   15:18  43.3   05:18   8.5   1.3  0.01   1.2  18.0   15:58   ESE
27  63.4  76.4   16:23  48.1   05:16   5.0   3.4  0.02   1.4  15.0   17:11    SE
28  60.7  73.8   15:46  47.8   03:42   6.1   1.8  0.02   1.2  21.0   13:22    NE
29  55.7  68.1   15:08  44.3   05:47   9.5   0.3  0.01   2.2  21.0   16:37   NNE
30  60.5  74.4   17:13  43.8   05:07   6.8   2.3  0.00   1.5  14.0   23:58   ESE
31  68.9  86.7   15:03  54.1   04:37   3.1   7.0  0.00   2.1  18.0   17:02     S
----------------------------------------------------------------------------------
    53.4  86.7    31    28.0    10   385.9  26.7  4.53   1.4  24.0    14     ENE

Max >=  90.0:  0
Max <=  32.0:  0
Min <=  32.0:  2
Min <=   0.0:  0
Max Rain: 1.16 on day 9
Days of Rain: 20 (>= 0.01 in)  8 (>= 0.10 in)  1 (>= 1.00 in)
Heat Base: 65.0  Cool Base: 65.0  Method: Integration
top