TigerDenWX Weather
Latitude N 39° 38' 25" Longitude W 104° 47' 13" Elevation 5702 ft
NOAA Stlye Reports for TigerDenWX
Select a Year or Month report
Report for 2016 May Monthly Climatological Summary for May 2016 Name: TigerDenWX City: Aurora State: Colorado Elevation: 5702 ft Lat: N 39° 38' 25" Lon: W 104° 47' 13" Temperature (°F), Rain (in), Wind Speed (mph) Heat Cool Avg Mean Deg Deg Wind Dom Day Temp High Time Low Time Days Days Rain Speed High Time Dir ---------------------------------------------------------------------------------- 1 35.2 41.5 18:12 30.8 23:57 29.8 0.0 0.07 1.8 16.0 01:20 NNW 2 42.9 60.4 17:42 25.6 06:09 22.0 0.0 0.01 0.6 10.0 10:20 ESE 3 51.6 66.7 17:04 33.9 05:53 13.2 0.1 0.00 2.1 18.0 14:47 NNW 4 59.9 75.6 16:20 42.1 00:47 8.2 3.1 0.00 1.0 11.0 15:12 E 5 66.1 81.7 15:30 47.7 06:04 4.8 5.9 0.00 1.8 16.0 16:46 SE 6 66.3 82.0 13:28 50.2 06:36 4.1 5.3 0.00 1.3 23.0 16:46 S 7 51.1 60.6 00:00 39.6 23:59 13.8 0.0 0.04 3.2 19.0 18:45 NW 8 48.5 66.9 14:29 34.3 05:22 16.5 0.1 0.00 0.8 18.0 15:21 NE 9 55.4 67.8 14:51 43.2 00:00 9.8 0.2 0.00 1.9 21.0 17:26 NW 10 54.4 65.9 12:18 45.8 23:16 10.6 0.0 0.00 1.8 17.0 12:46 E 11 49.7 60.8 13:11 35.7 05:54 15.2 0.0 0.00 1.6 19.0 12:25 E 12 56.7 72.4 16:27 35.8 06:01 10.0 1.7 0.00 1.4 14.0 17:19 SE 13 58.3 73.6 11:14 47.2 23:54 7.8 1.2 0.00 2.6 24.0 09:33 NE 14 48.3 55.9 16:54 44.1 07:10 16.6 0.0 0.00 2.2 15.0 20:48 NW 15 50.8 62.4 13:28 41.3 04:04 14.2 0.0 0.00 1.7 25.0 13:36 NNW 16 44.4 48.8 00:00 39.5 23:58 20.6 0.0 0.56 1.6 15.0 15:39 N 17 43.6 49.8 15:27 38.6 05:58 21.4 0.0 0.11 0.8 10.0 23:48 ENE 18 53.4 68.0 15:44 40.9 02:27 11.7 0.1 0.00 1.6 18.0 12:16 SSE 19 60.0 75.3 16:41 41.2 05:56 7.6 2.5 0.00 1.3 15.0 16:53 SE 20 66.7 80.8 17:04 49.3 04:25 3.9 5.6 0.00 1.8 17.0 18:12 SE 21 70.7 85.2 16:05 54.4 05:51 2.3 8.0 0.00 2.6 24.0 14:03 SSE 22 63.7 78.6 15:13 53.2 23:59 3.9 2.6 0.00 2.2 18.0 15:49 NNE 23 56.9 70.3 13:07 43.8 05:56 8.4 0.3 0.00 2.5 22.0 13:12 ESE 24 58.6 73.5 13:30 41.7 05:59 8.2 1.8 0.00 1.9 27.0 14:30 E 25 59.9 72.5 13:49 45.5 06:16 7.0 1.9 0.00 1.3 13.0 15:55 ENE 26 50.4 69.1 11:57 42.5 14:15 14.8 0.2 1.00 0.5 16.0 13:16 NNE 27 50.1 60.4 17:28 44.5 00:49 14.9 0.0 0.39 2.2 20.0 14:44 N 28 57.3 74.0 15:50 39.0 05:41 9.3 1.6 0.00 1.1 18.0 18:04 ESE 29 61.9 77.1 12:48 47.5 05:53 6.4 3.3 0.00 1.1 18.0 14:13 ESE 30 62.5 80.2 14:36 49.4 05:38 5.9 3.5 0.00 1.1 24.0 12:09 SE 31 57.0 68.6 14:42 47.0 05:02 8.3 0.2 0.02 1.8 21.0 15:41 NNE ---------------------------------------------------------------------------------- 55.2 85.2 21 25.6 2 351.2 49.2 2.20 1.7 27.0 24 ENE Max >= 90.0: 0 Max <= 32.0: 0 Min <= 32.0: 2 Min <= 0.0: 0 Max Rain: 1.00 on day 26 Days of Rain: 8 (>= 0.01 in) 4 (>= 0.10 in) 1 (>= 1.00 in) Heat Base: 65.0 Cool Base: 65.0 Method: Integration |