TigerDenWX Weather
Latitude N 39° 38' 25" Longitude W 104° 47' 13" Elevation 5702 ft
NOAA Stlye Reports for TigerDenWX
Select a Year or Month report
Report for 2016 Aug Monthly Climatological Summary for Aug 2016 Name: TigerDenWX City: Aurora State: Colorado Elevation: 5702 ft Lat: N 39° 38' 25" Lon: W 104° 47' 13" Temperature (°F), Rain (in), Wind Speed (mph) Heat Cool Avg Mean Deg Deg Wind Dom Day Temp High Time Low Time Days Days Rain Speed High Time Dir ---------------------------------------------------------------------------------- 1 76.9 93.3 15:35 60.5 06:47 0.6 12.5 0.00 1.0 17.0 14:23 NNW 2 75.9 93.9 15:32 58.9 06:16 0.9 11.8 0.00 1.3 19.0 17:55 ESE 3 78.6 96.6 15:48 61.4 05:30 0.4 14.0 0.03 1.1 17.0 20:23 SE 4 68.7 74.9 13:50 64.1 23:42 0.0 3.7 0.00 1.6 20.0 08:36 NNW 5 67.7 75.4 14:45 61.0 05:18 0.8 3.6 0.00 0.9 10.0 08:19 NNW 6 70.2 83.2 17:36 61.6 05:18 0.5 5.7 0.00 0.6 10.0 05:50 WNW 7 73.0 89.5 16:00 55.9 06:22 1.6 9.7 0.00 1.0 16.0 16:49 E 8 76.4 91.1 17:18 64.3 06:11 0.0 11.4 0.00 1.0 15.0 12:47 S 9 77.1 96.4 16:40 60.1 06:14 0.5 12.7 0.03 0.8 19.0 19:38 S 10 75.9 94.0 12:30 60.8 03:55 0.7 11.5 0.00 0.9 20.0 14:30 W 11 73.1 87.9 14:38 60.3 06:19 0.7 8.8 0.00 1.0 25.0 18:43 N 12 67.9 82.1 15:43 52.4 06:14 3.2 6.1 0.00 0.7 14.0 14:28 NNE 13 73.3 88.1 16:02 58.7 06:08 1.4 9.8 0.00 1.5 16.0 23:48 N 14 74.4 89.3 15:46 58.3 06:42 1.1 10.6 0.00 1.6 19.0 17:14 ESE 15 74.5 89.4 14:39 57.5 06:12 0.7 10.3 0.00 1.2 22.0 17:06 N 16 72.0 89.1 14:20 54.0 06:00 1.9 8.9 0.00 1.6 21.0 19:54 SSE 17 73.7 88.7 15:51 58.9 05:37 1.0 9.8 0.00 0.8 14.0 13:16 E 18 69.7 86.1 13:08 55.6 06:30 1.5 6.2 0.02 1.2 27.0 15:04 NW 19 61.8 80.2 14:26 49.5 22:12 5.9 2.7 0.03 1.8 33.0 16:38 N 20 62.0 76.5 16:19 46.1 06:42 6.1 3.1 0.00 0.9 13.0 13:58 NE 21 71.7 90.1 15:31 53.3 06:10 3.3 9.9 0.00 0.7 10.0 13:11 SE 22 73.8 89.7 13:14 59.6 06:09 0.6 9.4 0.01 1.1 28.0 17:49 NNE 23 70.5 87.4 11:50 56.2 06:52 1.6 7.1 0.00 1.2 15.0 21:47 WSW 24 62.0 67.0 09:22 52.7 23:59 3.0 0.1 0.06 0.6 13.0 10:15 SSE 25 57.0 71.1 14:06 49.5 04:41 8.4 0.4 0.05 0.9 13.0 15:03 WNW 26 63.7 79.0 16:12 53.2 01:22 4.4 3.1 0.00 0.7 16.0 21:07 NE 27 66.9 85.8 16:47 47.4 06:23 4.6 6.6 0.00 0.3 9.0 12:23 E 28 70.5 85.3 14:22 59.2 07:05 1.2 6.7 0.00 0.8 12.0 13:24 WNW 29 66.4 81.0 11:46 59.6 03:33 1.9 3.3 0.01 1.4 16.0 13:47 SSW 30 66.4 82.9 15:26 51.8 06:31 3.9 5.3 0.25 0.7 18.0 18:26 NNE 31 65.8 82.0 16:39 51.9 06:38 3.8 4.6 0.00 1.0 15.0 17:54 NE ---------------------------------------------------------------------------------- 70.2 96.6 3 46.1 20 66.2 229.4 0.49 1.0 33.0 19 NNE Max >= 90.0: 7 Max <= 32.0: 0 Min <= 32.0: 0 Min <= 0.0: 0 Max Rain: 0.25 on day 30 Days of Rain: 9 (>= 0.01 in) 1 (>= 0.10 in) 0 (>= 1.00 in) Heat Base: 65.0 Cool Base: 65.0 Method: Integration |