usa flag      colorado flag

Language: 

TigerDenWX Weather

 Latitude N 39° 38' 25"    Longitude W 104° 47' 13"    Elevation 5702 ft

NOAA Stlye Reports for TigerDenWX

Select a Year or Month report
V/Λ2019 > Jan Feb Mar Apr May Jun Jul Aug Sep Oct Nov Dec
V/Λ2018 > Jan Feb Mar Apr May Jun Jul Aug Sep Oct Nov Dec
V/Λ2017 > Jan Feb Mar Apr May Jun Jul Aug Sep Oct Nov Dec
V/Λ2016 > Jan Feb Mar Apr May Jun Jul Aug Sep Oct Nov Dec
V/Λ2015 > Jan Feb Mar Apr May Jun Jul Aug Sep Oct Nov Dec
V/Λ2014 > Jan Feb Mar Apr May Jun Jul Aug Sep Oct Nov Dec
V/Λ2013 > Jan Feb Mar Apr May Jun Jul Aug Sep Oct Nov Dec
V/Λ2012 > Jan Feb Mar Apr May Jun Jul Aug Sep Oct Nov Dec

Report for 2016 Sep
                   Monthly Climatological Summary for Sep 2016

Name: TigerDenWX   City: Aurora   State: Colorado
Elevation: 5702 ft  Lat: N 39° 38' 25"   Lon: W 104° 47' 13"

                  Temperature (°F), Rain (in), Wind Speed (mph)

                                      Heat  Cool        Avg
    Mean                              Deg   Deg         Wind                 Dom
Day Temp  High   Time   Low    Time   Days  Days  Rain  Speed High   Time    Dir
----------------------------------------------------------------------------------
 1  70.3  86.1   14:47  56.4   06:47   1.7   7.0  0.00   1.3  16.0   17:49    SE
 2  71.2  85.4   17:16  62.2   06:37   0.4   6.6  0.00   1.0  15.0   00:01   SSW
 3  72.1  89.3   14:03  59.1   06:20   1.2   8.4  0.00   0.7  23.0   15:46    NW
 4  70.0  87.2   14:08  53.1   07:02   2.6   7.6  0.00   1.1  22.0   16:37   SSW
 5  70.8  92.2   16:26  50.8   06:02   4.0   9.7  0.00   0.8  18.0   14:32   SSW
 6  67.2  84.7   16:28  58.7   01:46   2.2   4.4  0.00   1.2  16.0   15:18   WNW
 7  70.4  87.0   17:07  55.0   06:58   2.2   7.6  0.00   0.5  11.0   10:06   ENE
 8  69.8  89.2   16:21  51.2   07:07   3.7   8.5  0.00   0.3   9.0   12:27     E
 9  60.4  74.6   14:34  46.0   23:59   6.7   2.1  0.00   1.7  19.0   17:10   NNE
10  62.2  82.5   16:54  42.2   05:29   7.8   5.0  0.00   1.0  13.0   12:23    SE
11  72.4  91.0   16:24  53.8   00:54   2.6  10.0  0.00   0.5  28.0   18:09    SW
12  64.7  73.8   14:02  53.1   23:44   2.7   2.4  0.15   1.5  16.0   17:18    NE
13  56.7  69.7   15:10  49.5   06:07   8.6   0.3  0.00   1.3  21.0   16:33    NE
14  63.4  82.0   15:21  48.8   03:11   6.1   4.5  0.00   1.1  17.0   18:32     S
15  60.9  77.8   13:22  46.5   06:47   6.8   2.7  0.00   1.1  19.0   18:14   NNE
16  58.2  73.3   15:09  42.8   06:58   8.6   1.8  0.01   0.6  14.0   16:16   ENE
17  62.5  78.7   15:42  47.8   03:48   6.0   3.5  0.00   0.8  12.0   14:58   WNW
18  68.4  87.4   16:33  50.2   05:40   4.2   7.6  0.00   0.6  13.0   12:01     W
19  72.1  90.6   15:33  53.7   03:55   2.8  10.0  0.00   0.5  11.0   17:08    SE
20  72.8  87.2   13:51  55.6   07:00   1.3   9.1  0.00   0.2   8.0   00:20     S
21  71.2  82.3   14:02  62.3   08:26   0.2   6.5  0.00   0.9  16.0   00:54   WNW
22  63.3  78.2   16:03  52.2   07:02   4.1   2.4  0.00   0.9  13.0   17:03   NNW
23  68.4  86.5   14:34  54.6   02:37   3.4   6.8  0.00   2.2  25.0   13:57   SSE
24  56.8  70.8   14:07  44.4   03:44   8.9   0.7  0.00   1.2  19.0   17:35     W
25  54.1  68.0   16:14  41.1   06:47  11.1   0.3  0.00   0.7  13.0   10:30    NE
26  59.2  76.8   16:10  42.4   04:10   8.9   3.1  0.00   0.5  15.0   15:00   ENE
27  61.2  82.5   16:34  42.9   05:16   8.6   4.8  0.00   0.4   9.0   13:08     N
28  63.3  82.2   16:09  44.9   06:11   6.9   5.2  0.00   0.7  14.0   15:26     E
29  66.8  86.0   15:05  51.9   04:34   4.3   6.0  0.00   0.7  13.0   14:49   ESE
30  62.1  73.6   16:44  52.1   03:12   4.6   1.7  0.00   0.7  13.0   12:43     N
----------------------------------------------------------------------------------
    65.4  92.2     5    41.1    25   143.2 156.3  0.16   0.9  28.0    11       E

Max >=  90.0:  3
Max <=  32.0:  0
Min <=  32.0:  0
Min <=   0.0:  0
Max Rain: 0.15 on day 12
Days of Rain: 2 (>= 0.01 in)  1 (>= 0.10 in)  0 (>= 1.00 in)
Heat Base: 65.0  Cool Base: 65.0  Method: Integration
top