TigerDenWX Weather
Latitude N 39° 38' 25" Longitude W 104° 47' 13" Elevation 5702 ft
NOAA Stlye Reports for TigerDenWX
Select a Year or Month report
Report for 2017 Mar Monthly Climatological Summary for Mar 2017 Name: TigerDenWX City: Aurora State: Colorado Elevation: 5702 ft Lat: N 39° 38' 25" Lon: W 104° 47' 13" Temperature (°F), Rain (in), Wind Speed (mph) Heat Cool Avg Mean Deg Deg Wind Dom Day Temp High Time Low Time Days Days Rain Speed High Time Dir ---------------------------------------------------------------------------------- 1 34.5 47.9 14:19 18.2 03:48 30.5 0.0 0.00 1.5 18.0 20:15 WNW 2 38.0 54.6 13:58 21.5 04:39 27.0 0.0 0.00 1.3 18.0 13:41 NW 3 44.7 63.5 14:43 32.3 01:22 20.3 0.0 0.00 0.7 11.0 14:00 E 4 52.0 71.4 14:43 30.8 03:34 13.8 0.9 0.00 1.8 19.0 09:35 SSW 5 55.1 69.0 12:53 42.4 06:36 10.2 0.4 0.00 2.5 27.0 23:42 SSW 6 37.2 52.3 00:00 23.1 23:23 27.8 0.0 0.00 6.4 36.0 09:28 W 7 37.3 57.1 16:06 17.1 05:34 27.7 0.0 0.00 1.9 22.0 09:32 WNW 8 49.7 65.8 14:24 29.5 04:36 15.2 0.0 0.00 1.3 17.0 18:07 NW 9 54.3 71.3 14:13 37.3 23:59 11.9 1.2 0.00 2.8 23.0 13:13 NNW 10 47.4 69.9 13:43 31.0 06:24 18.0 0.5 0.00 0.7 12.0 13:35 NNE 11 42.8 49.6 16:49 37.6 09:01 22.1 0.0 0.01 0.8 16.0 23:29 SE 12 45.8 62.9 13:22 37.9 20:26 18.4 0.0 0.00 3.2 34.0 14:04 N 13 43.8 57.8 17:23 26.8 06:39 21.1 0.0 0.00 0.8 14.0 13:27 WNW 14 55.2 71.8 14:44 37.9 01:53 10.9 1.1 0.00 2.3 24.0 08:53 WNW 15 59.3 77.5 15:55 41.7 07:27 9.2 3.5 0.00 1.7 20.0 10:14 W 16 61.9 77.6 17:15 48.9 06:24 6.2 3.1 0.00 1.1 16.0 17:38 W 17 59.0 73.0 15:58 45.3 06:58 7.7 1.7 0.00 1.6 15.0 17:04 E 18 60.6 80.7 15:55 39.3 06:43 9.1 4.7 0.00 1.0 16.0 14:35 E 19 64.4 81.1 14:51 50.6 00:46 5.4 4.8 0.00 1.0 14.0 12:59 NNW 20 64.5 77.8 12:07 54.0 23:58 4.1 3.6 0.00 1.2 19.0 13:57 SW 21 53.5 68.5 14:15 40.0 05:54 11.6 0.2 0.00 1.6 19.0 14:30 NNW 22 56.4 75.4 15:57 40.0 06:54 10.3 1.7 0.00 2.3 19.0 00:39 ESE 23 60.4 76.7 13:53 41.5 23:59 7.7 3.1 0.01 3.9 27.0 15:54 WSW 24 41.1 52.4 16:28 34.0 03:42 23.9 0.0 0.67 5.1 29.0 07:36 NNW 25 49.1 64.4 14:28 34.7 03:32 15.8 0.0 0.00 1.7 14.0 14:29 SE 26 46.8 54.0 14:13 40.4 23:59 18.2 0.0 0.00 1.7 18.0 10:01 N 27 49.5 65.1 14:48 36.4 05:45 15.5 0.0 0.02 1.2 19.0 18:02 SE 28 43.6 48.3 01:03 35.7 23:59 21.4 0.0 0.07 3.5 23.0 21:45 NW 29 43.1 56.4 16:45 35.2 00:24 21.9 0.0 0.04 2.8 21.0 15:11 N 30 51.9 69.6 15:39 36.8 04:24 13.5 0.4 0.00 0.7 14.0 18:00 SSE 31 41.6 49.9 00:00 34.0 23:01 23.4 0.0 0.03 1.7 16.0 01:39 E ---------------------------------------------------------------------------------- 49.8 81.1 19 17.1 7 499.8 30.9 0.85 2.0 36.0 6 NW Max >= 90.0: 0 Max <= 32.0: 0 Min <= 32.0: 8 Min <= 0.0: 0 Max Rain: 0.67 on day 24 Days of Rain: 7 (>= 0.01 in) 1 (>= 0.10 in) 0 (>= 1.00 in) Heat Base: 65.0 Cool Base: 65.0 Method: Integration |