TigerDenWX Weather
Latitude N 39° 38' 25" Longitude W 104° 47' 13" Elevation 5702 ft
NOAA Stlye Reports for TigerDenWX
Select a Year or Month report
Report for 2017 Sep Monthly Climatological Summary for Sep 2017 Name: TigerDenWX City: Aurora State: Colorado Elevation: 5702 ft Lat: N 39° 38' 25" Lon: W 104° 47' 13" Temperature (°F), Rain (in), Wind Speed (mph) Heat Cool Avg Mean Deg Deg Wind Dom Day Temp High Time Low Time Days Days Rain Speed High Time Dir ---------------------------------------------------------------------------------- 1 71.9 84.6 16:16 59.1 06:52 0.8 7.6 0.00 1.5 19.0 11:39 NNW 2 72.8 89.3 15:51 55.1 06:43 1.6 9.3 0.00 0.6 11.0 16:35 NNW 3 77.6 95.0 14:59 58.1 06:43 0.6 13.2 0.00 0.7 12.0 12:58 NNW 4 72.4 93.8 13:43 55.9 06:24 2.0 9.5 0.00 1.5 21.0 14:59 NE 5 61.6 71.0 15:53 53.4 23:58 4.4 1.0 0.00 0.7 11.0 03:43 NNE 6 65.0 81.3 16:17 48.0 06:51 4.9 4.9 0.00 0.6 13.0 16:48 ESE 7 68.5 85.4 16:38 53.5 06:53 2.7 6.2 0.00 0.3 8.0 15:59 N 8 68.2 87.2 15:04 51.7 06:18 3.7 6.9 0.00 0.4 12.0 16:25 NW 9 72.6 90.9 13:23 55.7 06:10 2.0 9.6 0.00 0.8 18.0 15:23 W 10 72.5 89.2 14:57 56.1 07:06 1.8 9.3 0.00 0.6 12.0 16:43 NNW 11 71.2 86.5 14:14 57.0 05:48 1.4 7.5 0.00 1.0 17.0 16:44 W 12 72.7 90.3 16:17 57.6 05:59 1.5 9.2 0.00 0.3 12.0 14:44 E 13 72.6 88.7 13:32 58.8 03:53 1.3 8.9 0.00 0.6 17.0 14:27 W 14 70.2 87.6 13:51 56.6 06:53 2.2 7.4 0.00 0.7 18.0 16:04 SW 15 69.5 84.5 15:02 52.1 07:08 2.3 6.7 0.02 1.4 21.0 22:13 SW 16 58.3 69.5 15:11 49.0 06:29 7.2 0.5 0.00 1.3 16.0 16:44 E 17 60.2 72.9 12:48 48.2 05:45 6.1 1.4 0.01 0.7 14.0 13:53 SSE 18 66.1 82.4 17:09 48.7 05:58 4.8 5.9 0.00 0.9 11.0 14:42 SE 19 68.1 89.0 14:39 49.1 23:56 3.5 6.6 0.00 1.7 21.0 18:07 NE 20 61.4 79.0 16:07 45.7 03:05 7.0 3.4 0.00 2.4 18.0 06:17 SE 21 72.9 89.3 14:15 53.7 06:16 2.3 10.2 0.00 1.4 19.0 15:33 SSE 22 65.4 80.2 12:11 52.0 07:21 2.8 3.2 0.00 1.5 18.0 11:57 NW 23 49.3 55.9 00:00 44.9 21:29 15.6 0.0 0.59 1.2 13.0 17:11 NNW 24 47.7 50.2 14:41 44.9 01:32 17.3 0.0 0.04 0.8 13.0 13:10 NE 25 47.8 53.1 14:15 43.6 08:01 17.2 0.0 0.03 0.7 9.0 02:59 NNW 26 52.3 62.5 15:16 42.9 01:51 12.7 0.0 0.00 0.8 14.0 14:49 NNE 27 52.5 55.6 16:20 50.1 23:40 12.5 0.0 0.06 0.6 14.0 14:51 ESE 28 53.2 63.5 14:54 48.2 07:15 11.8 0.0 0.30 0.7 12.0 12:11 ESE 29 55.4 66.2 13:35 47.9 06:25 9.6 0.1 0.00 0.6 11.0 17:29 NW 30 57.3 72.2 11:50 43.2 07:10 9.2 1.6 0.01 0.6 21.0 17:55 SSW ---------------------------------------------------------------------------------- 64.2 95.0 3 42.9 26 172.8 150.1 1.06 0.9 21.0 4 NNE Max >= 90.0: 4 Max <= 32.0: 0 Min <= 32.0: 0 Min <= 0.0: 0 Max Rain: 0.59 on day 23 Days of Rain: 8 (>= 0.01 in) 2 (>= 0.10 in) 0 (>= 1.00 in) Heat Base: 65.0 Cool Base: 65.0 Method: Integration |