TigerDenWX Weather
Latitude N 39° 38' 25" Longitude W 104° 47' 13" Elevation 5702 ft
NOAA Stlye Reports for TigerDenWX
Select a Year or Month report
Report for 2017 Nov Monthly Climatological Summary for Nov 2017 Name: TigerDenWX City: Aurora State: Colorado Elevation: 5702 ft Lat: N 39° 38' 25" Lon: W 104° 47' 13" Temperature (°F), Rain (in), Wind Speed (mph) Heat Cool Avg Mean Deg Deg Wind Dom Day Temp High Time Low Time Days Days Rain Speed High Time Dir ---------------------------------------------------------------------------------- 1 56.7 69.2 13:09 44.2 01:42 9.1 0.8 0.00 0.6 17.0 17:12 WSW 2 40.8 52.6 00:00 31.8 23:53 24.2 0.0 0.00 0.9 12.0 04:23 NNE 3 41.8 65.2 15:27 28.4 04:30 23.2 0.0 0.00 0.6 11.0 16:39 N 4 55.4 70.8 14:50 34.6 00:24 10.3 0.8 0.00 3.1 28.0 12:47 SSW 5 42.2 55.7 13:58 31.7 05:31 23.7 0.0 0.00 1.1 14.0 14:19 NE 6 35.2 40.4 15:45 30.0 05:19 29.8 0.0 0.00 0.4 10.0 21:43 N 7 30.7 36.4 00:00 27.0 06:38 34.3 0.0 0.04 1.0 13.0 02:33 N 8 40.1 62.6 14:17 26.9 02:31 24.9 0.0 0.00 0.7 12.0 15:48 S 9 34.7 46.6 14:24 28.8 21:21 30.3 0.0 0.00 0.7 13.0 10:46 NW 10 41.4 64.2 14:10 24.8 06:26 23.6 0.0 0.00 0.5 12.0 14:35 NNE 11 43.6 60.2 13:34 29.6 02:53 21.3 0.0 0.00 0.8 13.0 14:26 NNE 12 43.8 59.6 13:29 28.4 03:14 21.2 0.0 0.00 1.0 14.0 11:03 SSE 13 53.4 73.3 14:03 40.2 03:04 13.0 1.5 0.00 0.4 9.0 11:45 S 14 51.7 69.9 14:12 39.6 22:29 13.7 0.4 0.00 0.2 10.0 15:02 E 15 41.2 58.2 14:30 26.7 05:16 23.8 0.0 0.00 1.0 14.0 08:51 SE 16 57.8 73.3 12:40 37.5 00:19 8.5 1.3 0.00 1.6 18.0 20:49 SSW 17 53.4 66.9 13:32 34.8 20:54 11.7 0.2 0.03 3.0 23.0 23:42 WSW 18 36.1 48.2 14:29 24.8 06:46 28.7 0.0 0.01 1.3 22.0 00:28 W 19 43.5 62.8 13:37 28.7 03:01 21.5 0.0 0.00 0.5 9.0 12:30 SSW 20 53.4 68.5 13:24 40.3 00:00 11.8 0.2 0.00 2.4 31.0 05:43 WSW 21 43.6 51.7 03:45 36.6 18:46 21.4 0.0 0.00 1.1 21.0 07:10 ENE 22 52.1 69.7 13:59 40.4 00:00 13.3 0.4 0.00 1.3 18.0 15:00 WSW 23 54.7 71.6 13:18 42.6 01:02 11.0 0.6 0.00 0.6 12.0 12:28 SW 24 55.0 69.3 10:58 38.6 23:45 10.6 0.6 0.00 1.8 25.0 13:03 WNW 25 47.7 62.6 13:46 36.3 03:00 17.2 0.0 0.00 0.7 13.0 11:40 NNE 26 56.8 74.8 14:06 40.2 06:49 9.6 1.5 0.00 0.8 14.0 10:11 SSW 27 59.0 79.1 14:28 42.3 23:58 8.9 2.9 0.00 1.6 24.0 23:22 S 28 39.6 47.3 14:08 36.0 05:29 25.4 0.0 0.00 1.5 19.0 22:30 NE 29 46.9 63.8 11:48 30.4 23:59 18.1 0.0 0.00 1.7 19.0 00:09 ESE 30 44.2 60.4 11:55 29.6 00:23 20.8 0.0 0.00 1.6 15.0 07:16 SSE ---------------------------------------------------------------------------------- 46.6 79.1 27 24.8 10 564.9 11.2 0.08 1.2 31.0 20 SW Max >= 90.0: 0 Max <= 32.0: 0 Min <= 32.0: 15 Min <= 0.0: 0 Max Rain: 0.04 on day 7 Days of Rain: 3 (>= 0.01 in) 0 (>= 0.10 in) 0 (>= 1.00 in) Heat Base: 65.0 Cool Base: 65.0 Method: Integration |