usa flag      colorado flag

Language: 

TigerDenWX Weather

 Latitude N 39° 38' 25"    Longitude W 104° 47' 13"    Elevation 5702 ft

NOAA Stlye Reports for TigerDenWX

Select a Year or Month report

Report for 2017 Dec
                   Monthly Climatological Summary for Dec 2017

Name: TigerDenWX   City: Aurora   State: Colorado
Elevation: 5702 ft  Lat: N 39° 38' 25"   Lon: W 104° 47' 13"

                  Temperature (°F), Rain (in), Wind Speed (mph)

                                      Heat  Cool        Avg
    Mean                              Deg   Deg         Wind                 Dom
Day Temp  High   Time   Low    Time   Days  Days  Rain  Speed High   Time    Dir
----------------------------------------------------------------------------------
 1  49.0  64.1   12:05  34.8   22:47  16.0   0.0  0.00   0.9  14.0   13:07   ENE
 2  50.7  66.1   14:27  40.7   06:29  14.2   0.0  0.00   1.1  13.0   00:14   SSE
 3  54.3  68.4   14:34  39.6   07:12  10.9   0.2  0.00   2.5  24.0   22:30    SW
 4  34.4  50.0   00:00  22.0   20:32  30.6   0.0  0.00   4.0  33.0   06:35    NW
 5  33.7  52.4   13:59  19.6   05:31  31.3   0.0  0.00   0.8  12.0   20:23    SE
 6  28.0  37.7   12:20  20.0   23:58  37.0   0.0  0.00   1.7  23.0   13:58   NNW
 7  27.0  35.7   18:28  12.6   06:00  38.0   0.0  0.00   1.0  18.0   18:39     W
 8  43.1  56.3   15:11  28.9   23:39  21.9   0.0  0.00   1.9  25.0   15:12   NNW
 9  40.3  61.1   14:11  25.9   03:19  24.5   0.0  0.00   0.2  10.0   15:51     N
10  42.0  62.0   14:29  30.2   05:33  23.0   0.0  0.00   0.2   8.0   13:05   SSW
11  41.9  59.0   12:06  29.3   03:53  23.1   0.0  0.00   0.8  15.0   13:13    NE
12  46.2  68.6   14:11  30.7   02:09  19.0   0.3  0.00   0.5   9.0   02:25     S
13  42.3  51.8   14:12  33.1   23:58  22.7   0.0  0.00   0.8  16.0   22:28   ENE
14  30.5  38.0   09:49  23.0   22:16  34.5   0.0  0.02   1.0  14.0   13:14     N
15  41.9  62.9   14:18  23.3   00:00  23.0   0.0  0.00   1.0  12.0   12:27   SSW
16  41.2  50.7   10:18  30.1   23:43  23.7   0.0  0.00   0.8  12.0   10:31    NE
17  32.3  41.2   15:25  24.7   23:02  32.7   0.0  0.00   0.1  11.0   23:37   SSE
18  40.6  58.3   13:52  23.5   02:39  24.4   0.0  0.00   0.5   8.0   05:18     S
19  40.6  53.4   14:21  29.3   04:25  24.3   0.0  0.00   0.6  10.0   21:35   SSW
20  49.8  65.5   14:18  37.5   21:08  15.2   0.0  0.00   0.8  11.0   12:23   SSE
21  21.5  40.7   00:43  12.1   21:19  43.5   0.0  0.00   2.1  18.0   01:33     N
22  28.4  46.5   14:24  15.3   02:25  36.6   0.0  0.03   0.8  12.0   11:50   SSW
23  25.9  49.4   14:00  10.2   23:57  38.8   0.0  0.06   1.4  20.0   18:01     N
24  19.2  34.8   14:18   5.8   03:29  45.8   0.0  0.00   0.4   9.0   14:21    SE
25  18.1  24.8   14:35  11.5   22:44  46.9   0.0  0.00   0.5  13.0   03:00    NW
26  12.9  16.2   13:52  10.8   23:36  52.1   0.0  0.00   0.2   7.0   17:20   NNE
27  34.0  55.5   12:43   9.5   03:26  30.9   0.0  0.00   0.9  21.0   05:06   WNW
28  39.3  54.8   12:11  28.7   02:26  25.7   0.0  0.00   1.0  16.0   23:54    SE
29  45.2  63.2   13:25  17.9   23:46  19.8   0.0  0.00   1.0  25.0   04:41     W
30  26.1  46.8   15:55  16.9   08:17  38.6   0.0  0.00   0.7  21.0   18:33     N
31  20.5  35.0   09:58  10.1   21:56  44.5   0.0  0.00   0.8  15.0   10:52     N
----------------------------------------------------------------------------------
    35.5  68.6    12     5.8    24   913.2   0.5  0.11   1.0  33.0     4      NW

Max >=  90.0:  0
Max <=  32.0:  2
Min <=  32.0: 26
Min <=   0.0:  0
Max Rain: 0.06 on day 23
Days of Rain: 3 (>= 0.01 in)  0 (>= 0.10 in)  0 (>= 1.00 in)
Heat Base: 65.0  Cool Base: 65.0  Method: Integration
top