TigerDenWX Weather
Latitude N 39° 38' 25" Longitude W 104° 47' 13" Elevation 5702 ft
NOAA Stlye Reports for TigerDenWX
Select a Year or Month report
Report for 2021 May Monthly Climatological Summary for May 2021 Name: TigerDenWX City: Aurora State: Colorado Elevation: 5702 ft Lat: N 39° 38' 25" Lon: W 104° 47' 13" Temperature (°F), Rain (in), Wind Speed (mph) Heat Cool Avg Mean Deg Deg Wind Dom Day Temp High Time Low Time Days Days Rain Speed High Time Dir ---------------------------------------------------------------------------------- 1 71.0 86.2 14:00 54.3 06:34 2.4 8.4 0.00 1.1 11.0 14:21 SSE 2 57.1 68.8 11:30 47.7 22:55 8.0 0.2 0.08 2.4 36.0 11:49 N 3 40.5 47.9 00:00 37.4 10:15 24.5 0.0 0.57 2.5 18.0 01:50 NNE 4 48.4 61.4 15:35 35.4 06:23 16.6 0.0 0.00 0.8 14.0 22:03 SW 5 50.6 59.1 17:31 40.2 06:01 14.4 0.0 0.10 1.6 17.0 13:20 NNE 6 56.7 74.9 16:30 39.8 06:06 10.3 2.0 0.00 1.1 11.0 16:19 SE 7 66.4 84.8 13:18 45.2 04:45 5.4 6.8 0.00 1.3 20.0 17:23 S 8 60.1 75.9 12:25 45.5 23:55 6.3 1.4 0.10 2.2 22.0 14:58 ENE 9 43.4 47.9 13:14 38.8 04:12 21.6 0.0 0.13 1.4 15.0 16:53 E 10 41.6 46.8 15:06 34.1 22:34 23.4 0.0 0.38 1.9 13.0 11:25 S 11 37.9 43.5 12:49 34.2 02:06 27.1 0.0 0.19 0.4 7.0 13:13 NW 12 49.2 64.0 17:06 33.1 05:43 15.8 0.0 0.00 1.1 11.0 18:09 ENE 13 59.3 74.9 14:13 43.2 05:58 8.3 2.6 0.00 1.3 12.0 12:03 SE 14 57.7 72.0 13:08 43.4 06:23 8.1 0.8 0.00 1.2 19.0 14:04 NE 15 58.3 70.5 12:45 45.6 05:34 7.1 0.4 0.00 1.4 21.0 13:51 NNW 16 53.0 56.4 18:30 46.8 05:24 12.0 0.0 0.01 0.9 13.0 10:07 NW 17 57.0 68.0 13:01 48.3 23:59 8.3 0.3 0.22 2.1 18.0 18:54 SE 18 51.5 62.4 18:29 44.9 02:22 13.5 0.0 0.12 0.9 12.0 14:09 WNW 19 60.3 74.3 15:45 46.1 05:38 6.8 2.1 0.00 1.5 17.0 16:42 SSW 20 68.4 84.3 16:23 51.9 05:44 3.7 7.1 0.00 2.2 20.0 15:59 S 21 69.5 81.0 14:45 59.6 23:59 1.0 5.5 0.00 2.6 24.0 14:11 S 22 57.5 67.7 13:15 46.5 06:14 7.5 0.1 0.12 1.1 13.0 12:06 N 23 62.4 74.7 13:20 48.3 23:57 5.4 2.7 0.44 3.2 29.0 15:15 S 24 59.2 73.1 12:23 38.6 06:11 8.4 2.6 0.00 1.6 17.0 15:52 NE 25 62.8 75.8 16:32 45.0 06:10 5.3 3.1 0.00 1.8 19.0 19:37 ESE 26 66.7 78.3 13:42 56.4 04:07 2.8 4.5 0.00 1.4 16.0 14:36 S 27 62.2 74.7 16:33 48.6 04:37 5.2 2.4 0.00 1.3 13.0 14:05 E 28 66.7 84.0 16:23 48.1 05:04 4.5 6.2 0.00 1.1 14.0 19:13 S 29 61.6 70.7 10:08 49.2 05:51 4.4 0.9 0.02 1.7 15.0 14:01 NNE 30 52.7 56.8 10:01 48.3 23:56 12.3 0.0 0.47 1.2 17.0 12:49 NNE 31 52.2 59.7 15:16 46.7 23:56 12.8 0.0 0.04 0.3 10.0 14:59 NNE ---------------------------------------------------------------------------------- 56.8 86.2 1 33.1 12 313.2 60.1 2.99 1.5 36.0 2 ESE Max >= 90.0: 0 Max <= 32.0: 0 Min <= 32.0: 0 Min <= 0.0: 0 Max Rain: 0.57 on day 3 Days of Rain: 15 (>= 0.01 in) 11 (>= 0.10 in) 0 (>= 1.00 in) Heat Base: 65.0 Cool Base: 65.0 Method: Integration |