TigerDenWX Weather
Latitude N 39° 38' 25" Longitude W 104° 47' 13" Elevation 5702 ft
NOAA Stlye Reports for TigerDenWX
Select a Year or Month report
Report for 2022 Jun Monthly Climatological Summary for Jun 2022 Name: TigerDenWX City: Aurora State: Colorado Elevation: 5702 ft Lat: N 39° 38' 25" Lon: W 104° 47' 13" Temperature (°F), Rain (in), Wind Speed (mph) Heat Cool Avg Mean Deg Deg Wind Dom Day Temp High Time Low Time Days Days Rain Speed High Time Dir ---------------------------------------------------------------------------------- 1 48.1 59.6 15:34 39.6 05:56 16.9 0.0 0.25 1.4 14.0 17:55 NNW 2 59.7 72.7 16:12 45.6 05:57 6.7 1.4 0.00 1.2 16.0 16:34 NE 3 63.8 75.9 12:47 51.5 05:49 4.4 3.2 0.00 0.8 15.0 15:29 SSE 4 67.7 86.4 16:59 48.4 05:58 4.1 6.8 0.00 1.3 21.0 17:48 ENE 5 69.9 84.1 15:20 57.8 01:05 1.6 6.5 0.00 1.0 16.0 17:33 NNW 6 66.5 81.4 14:29 54.7 06:03 2.5 3.9 0.00 0.7 17.0 16:33 WNW 7 67.1 83.3 16:16 54.6 03:25 3.6 5.7 0.00 2.1 20.0 21:13 N 8 66.7 82.2 16:08 48.9 05:38 3.8 5.5 0.00 1.3 16.0 11:12 SE 9 72.1 90.0 15:17 58.4 06:09 1.5 8.6 0.00 0.9 14.0 15:48 SSE 10 75.2 90.5 17:26 53.8 05:04 2.1 12.3 0.00 0.6 12.0 13:40 N 11 83.5 101.1 16:51 60.2 05:57 0.4 18.7 0.00 0.9 30.0 22:32 S 12 78.1 93.5 13:17 60.7 05:39 0.3 13.4 0.00 0.9 15.0 13:34 NNE 13 82.5 99.4 16:05 66.0 23:56 0.0 17.5 0.00 1.9 22.0 22:24 SW 14 69.2 86.2 15:03 54.4 05:59 3.0 7.2 0.00 2.6 20.0 00:09 NNE 15 69.7 87.7 17:00 47.9 03:53 4.6 9.3 0.00 1.2 13.0 11:54 NE 16 76.4 94.0 16:58 55.5 05:23 1.4 12.8 0.00 1.5 17.0 18:34 ESE 17 78.9 97.2 15:27 60.6 05:45 0.4 14.3 0.00 1.6 23.0 16:00 ESE 18 78.5 91.3 14:25 67.4 05:53 0.0 13.4 0.00 1.5 19.0 23:22 SSW 19 76.8 89.2 13:46 65.7 06:02 0.0 11.8 0.00 2.3 22.0 14:16 SSW 20 76.5 91.7 16:15 63.8 23:59 0.0 11.5 0.00 2.6 19.0 16:19 SSW 21 65.9 77.8 17:47 52.3 05:18 3.0 3.9 0.00 2.7 22.0 13:47 ESE 22 70.8 88.1 16:14 49.2 06:03 3.3 9.1 0.00 0.7 11.0 15:49 SSE 23 77.0 92.6 17:10 59.1 06:14 0.7 12.6 0.00 1.2 15.0 21:08 NW 24 71.4 89.0 13:50 56.7 05:48 1.7 8.0 0.00 1.2 21.0 15:12 WNW 25 62.0 72.0 15:39 53.4 09:10 3.9 1.0 0.00 1.5 20.0 06:39 NNW 26 61.8 68.2 15:52 56.1 06:08 3.6 0.3 0.00 1.1 14.0 14:44 SSW 27 70.8 87.2 17:05 54.0 05:37 2.8 8.7 0.00 1.3 17.0 14:04 N 28 76.9 94.6 16:26 58.2 04:21 1.6 13.6 0.00 0.8 14.0 14:59 NNW 29 77.4 93.2 12:00 60.5 23:51 0.3 12.7 0.25 1.4 29.0 18:47 WNW 30 68.0 81.5 10:05 59.3 23:59 0.8 3.8 0.07 1.2 25.0 12:46 SW ---------------------------------------------------------------------------------- 71.0 101.1 11 39.6 1 79.0 257.5 0.57 1.4 30.0 11 ENE Max >= 90.0: 12 Max <= 32.0: 0 Min <= 32.0: 0 Min <= 0.0: 0 Max Rain: 0.25 on day 1 Days of Rain: 3 (>= 0.01 in) 2 (>= 0.10 in) 0 (>= 1.00 in) Heat Base: 65.0 Cool Base: 65.0 Method: Integration |