TigerDenWX Weather
Latitude N 39° 38' 25" Longitude W 104° 47' 13" Elevation 5702 ft
NOAA Stlye Reports for TigerDenWX
Select a Year or Month report
Report for 2022 Jul Monthly Climatological Summary for Jul 2022 Name: TigerDenWX City: Aurora State: Colorado Elevation: 5702 ft Lat: N 39° 38' 25" Lon: W 104° 47' 13" Temperature (°F), Rain (in), Wind Speed (mph) Heat Cool Avg Mean Deg Deg Wind Dom Day Temp High Time Low Time Days Days Rain Speed High Time Dir ---------------------------------------------------------------------------------- 1 69.0 84.6 17:04 55.1 06:03 2.6 6.6 0.00 1.0 15.0 17:14 SE 2 72.4 88.1 15:24 55.9 04:30 2.2 9.5 0.00 1.0 15.0 19:52 NNE 3 75.8 91.3 14:30 66.1 06:05 0.0 10.8 0.01 1.3 22.0 16:44 WSW 4 79.0 95.3 16:14 61.6 06:02 0.1 14.1 0.00 1.1 14.0 18:58 SSE 5 74.2 94.2 13:22 60.2 06:06 0.5 9.6 0.03 0.8 18.0 15:04 W 6 70.8 85.4 14:03 62.0 23:38 0.3 6.1 0.00 1.1 14.0 15:37 N 7 71.9 91.0 15:22 58.3 06:14 1.3 8.2 0.13 1.0 23.0 16:01 NNE 8 75.9 93.6 14:58 57.9 06:11 1.5 12.4 0.01 1.1 15.0 16:04 SE 9 84.8 101.7 16:43 68.0 05:43 0.0 19.6 0.00 1.3 22.0 19:03 SE 10 83.3 100.0 14:44 69.2 05:47 0.0 18.3 0.00 1.6 25.0 18:47 W 11 70.0 81.6 17:21 58.9 09:59 1.0 6.0 0.00 1.5 22.0 06:29 N 12 76.4 94.8 14:31 59.2 06:14 0.7 12.1 0.00 1.0 20.0 17:49 ESE 13 80.0 98.6 16:11 59.2 06:26 0.4 15.5 0.00 1.1 18.0 17:54 W 14 80.4 97.3 15:34 65.9 02:28 0.0 15.4 0.00 0.9 23.0 16:36 S 15 78.9 96.3 14:29 66.2 04:45 0.0 13.9 0.04 0.9 16.0 16:08 WSW 16 76.7 92.0 12:42 63.8 05:34 0.1 11.7 0.09 1.1 23.0 12:31 NW 17 81.4 97.2 15:33 62.0 05:45 0.2 16.6 0.00 1.5 17.0 18:43 ESE 18 84.8 98.1 12:02 72.3 04:38 0.0 19.8 0.00 1.0 15.0 14:14 WSW 19 81.4 96.4 13:34 66.5 06:11 0.0 16.4 0.08 1.2 17.0 11:41 W 20 74.9 94.0 15:15 63.6 06:01 0.1 9.9 0.20 0.8 14.0 17:13 W 21 79.3 95.5 15:40 60.7 06:16 0.5 14.8 0.00 0.8 14.0 16:16 NW 22 80.2 97.4 15:42 61.2 05:26 0.3 15.5 0.00 0.8 16.0 17:22 W 23 78.9 98.7 12:29 64.1 23:59 0.0 13.9 0.13 1.3 23.0 20:57 N 24 66.9 83.9 13:07 59.4 04:47 1.6 3.5 0.30 1.0 19.0 14:34 WNW 25 73.4 90.6 16:40 59.9 05:23 1.3 9.6 0.01 1.2 21.0 18:24 SE 26 73.0 86.5 13:48 62.7 23:50 0.2 8.1 0.64 1.9 33.0 17:04 NNW 27 75.3 89.7 16:10 62.0 04:15 0.7 11.0 0.00 2.0 18.0 23:25 NW 28 68.9 77.6 15:18 61.8 04:30 0.3 4.2 0.01 1.2 21.0 03:24 SE 29 69.1 85.6 15:58 58.4 04:54 1.3 5.4 0.00 1.3 24.0 17:18 ESE 30 75.2 91.8 17:02 56.7 06:30 1.6 11.8 0.00 0.6 12.0 15:05 E 31 77.6 92.0 14:22 65.8 06:26 0.0 12.6 0.00 1.0 19.0 15:51 NW ---------------------------------------------------------------------------------- 76.1 101.7 9 55.1 1 18.8 362.9 1.68 1.1 33.0 26 WNW Max >= 90.0: 22 Max <= 32.0: 0 Min <= 32.0: 0 Min <= 0.0: 0 Max Rain: 0.64 on day 26 Days of Rain: 13 (>= 0.01 in) 5 (>= 0.10 in) 0 (>= 1.00 in) Heat Base: 65.0 Cool Base: 65.0 Method: Integration |