TigerDenWX Weather
Latitude N 39° 38' 25" Longitude W 104° 47' 13" Elevation 5702 ft
NOAA Stlye Reports for TigerDenWX
Select a Year or Month report
Report for 2023 Nov Monthly Climatological Summary for Nov 2023 Name: TigerDenWX City: Aurora State: Colorado Elevation: 5702 ft Lat: N 39° 38' 25" Lon: W 104° 47' 13" Temperature (°F), Rain (in), Wind Speed (mph) Heat Cool Avg Mean Deg Deg Wind Dom Day Temp High Time Low Time Days Days Rain Speed High Time Dir ---------------------------------------------------------------------------------- 1 46.0 62.3 12:57 34.4 01:50 19.0 0.0 0.00 0.5 8.0 08:23 SSE 2 50.9 69.8 15:23 35.6 03:40 14.6 0.5 0.00 0.9 12.0 15:32 SW 3 56.9 71.3 14:05 43.9 00:56 9.0 0.9 0.00 1.8 14.0 12:22 W 4 53.2 67.6 15:01 37.5 07:55 11.9 0.2 0.00 1.4 12.0 23:44 SE 5 58.6 76.0 14:07 45.2 04:20 8.7 2.0 0.00 1.0 11.0 01:20 SE 6 57.2 74.6 13:13 43.9 01:37 9.4 1.6 0.00 1.4 16.0 10:26 SE 7 58.7 78.5 14:13 40.1 23:40 9.0 2.7 0.00 2.2 26.0 14:51 SSE 8 38.5 43.7 10:09 33.3 05:24 26.5 0.0 0.01 1.6 19.0 11:38 NNW 9 38.4 49.3 13:39 31.8 05:55 26.6 0.0 0.00 1.1 13.0 13:36 NE 10 39.8 55.2 13:45 29.4 06:22 25.2 0.0 0.00 1.1 10.0 02:31 SSE 11 44.3 62.0 14:27 31.5 06:24 20.6 0.0 0.00 0.8 10.0 12:07 SSW 12 50.2 66.5 13:53 34.9 04:11 14.8 0.0 0.00 1.6 17.0 23:54 SE 13 53.8 69.5 11:36 42.7 04:43 11.9 0.7 0.00 3.0 18.0 00:19 SSE 14 51.9 70.3 14:10 39.7 02:19 13.7 0.6 0.00 0.6 8.0 22:39 S 15 50.5 70.9 13:37 35.9 03:50 15.0 0.5 0.00 0.8 10.0 06:39 SE 16 54.0 69.2 12:12 39.7 23:58 11.5 0.5 0.00 1.4 15.0 11:55 N 17 48.9 66.4 14:08 36.2 06:56 16.2 0.1 0.00 0.8 9.0 04:49 SE 18 45.3 61.4 13:25 30.5 05:47 19.6 0.0 0.00 0.5 10.0 13:25 N 19 45.4 57.9 14:11 32.9 06:36 19.6 0.0 0.00 1.3 15.0 21:18 WNW 20 40.5 43.8 15:40 37.3 01:54 24.5 0.0 0.01 5.0 27.0 09:24 NNW 21 40.2 55.4 14:14 26.2 06:45 24.8 0.0 0.00 0.9 10.0 00:33 NNE 22 49.8 71.2 13:45 33.6 23:58 16.0 0.7 0.00 0.9 9.0 04:03 SE 23 33.2 39.5 09:22 24.8 23:57 31.8 0.0 0.01 1.5 13.0 19:37 ENE 24 22.2 25.5 10:50 18.5 23:52 42.8 0.0 0.01 1.6 12.0 03:49 NNW 25 18.9 23.8 14:05 14.8 05:49 45.8 0.0 0.01 1.4 10.0 02:21 NW 26 27.5 43.3 13:36 14.8 03:02 37.4 0.0 0.00 0.8 10.0 13:52 ESE 27 30.4 46.1 14:31 15.5 03:25 34.6 0.0 0.00 0.8 10.0 11:40 SE 28 40.2 60.5 14:30 27.6 07:36 24.8 0.0 0.00 0.8 10.0 05:21 SE 29 41.3 60.7 11:52 27.4 23:02 23.6 0.0 0.00 1.2 10.0 00:58 SSE 30 30.9 42.9 13:33 21.3 07:11 34.1 0.0 0.00 0.7 9.0 13:14 ENE ---------------------------------------------------------------------------------- 43.9 78.5 7 14.8 25 643.0 11.0 0.05 1.3 27.0 20 ESE Max >= 90.0: 0 Max <= 32.0: 2 Min <= 32.0: 13 Min <= 0.0: 0 Max Rain: 0.01 on day 8 Days of Rain: 5 (>= 0.01 in) 0 (>= 0.10 in) 0 (>= 1.00 in) Heat Base: 65.0 Cool Base: 65.0 Method: Integration |