TigerDenWX Weather
Latitude N 39° 38' 25" Longitude W 104° 47' 13" Elevation 5702 ft
NOAA Stlye Reports for TigerDenWX
Select a Year or Month report
Report for 2023 Dec Monthly Climatological Summary for Dec 2023 Name: TigerDenWX City: Aurora State: Colorado Elevation: 5702 ft Lat: N 39° 38' 25" Lon: W 104° 47' 13" Temperature (°F), Rain (in), Wind Speed (mph) Heat Cool Avg Mean Deg Deg Wind Dom Day Temp High Time Low Time Days Days Rain Speed High Time Dir ---------------------------------------------------------------------------------- 1 31.2 44.8 13:45 21.8 04:39 33.8 0.0 0.00 0.4 10.0 16:00 SE 2 33.4 41.7 10:51 24.8 05:31 31.4 0.0 0.00 2.7 25.0 13:31 W 3 34.9 38.9 14:45 31.7 18:57 30.1 0.0 0.01 1.6 21.0 06:34 SSW 4 41.8 58.9 12:55 26.8 04:58 23.2 0.0 0.00 2.0 21.0 12:38 W 5 47.1 66.7 14:29 34.4 04:43 18.0 0.1 0.00 0.8 9.0 11:56 S 6 48.8 71.5 13:45 33.1 05:52 17.0 0.7 0.00 0.5 7.0 00:36 SSE 7 49.5 64.8 13:38 36.5 22:19 15.5 0.0 0.00 1.5 21.0 15:59 WSW 8 35.5 42.4 13:02 27.5 23:55 29.5 0.0 0.04 2.1 17.0 20:59 ENE 9 27.5 35.4 14:40 21.1 23:54 37.4 0.0 0.02 1.4 12.0 11:00 NNW 10 39.7 54.1 12:49 20.8 01:29 25.2 0.0 0.00 3.4 25.0 14:40 W 11 42.0 54.4 13:58 29.3 06:54 23.0 0.0 0.00 1.0 11.0 22:09 E 12 31.1 35.2 12:20 25.8 06:50 33.9 0.0 0.00 1.0 10.0 17:59 NNW 13 33.4 41.0 14:08 25.4 07:44 31.6 0.0 0.06 0.4 9.0 14:39 E 14 32.6 38.5 12:48 27.5 03:59 32.4 0.0 0.00 0.6 9.0 15:51 N 15 36.6 50.6 14:22 26.6 03:11 28.4 0.0 0.00 0.9 12.0 15:29 NNE 16 44.0 64.1 14:15 30.0 07:14 20.9 0.0 0.00 1.2 17.0 14:41 WSW 17 42.9 61.0 11:59 29.9 21:41 22.1 0.0 0.00 0.9 18.0 15:28 NNE 18 42.6 61.4 13:25 26.7 04:20 22.3 0.0 0.00 0.5 8.0 15:15 SSE 19 51.2 66.5 13:38 38.2 07:39 13.9 0.1 0.00 1.1 11.0 12:18 SW 20 46.1 58.2 14:24 35.9 23:26 18.9 0.0 0.00 0.6 10.0 12:53 NW 21 45.5 59.8 14:31 33.9 23:34 19.5 0.0 0.00 0.3 8.0 21:30 SE 22 44.8 60.5 14:25 35.0 06:48 20.2 0.0 0.00 1.3 12.0 19:48 SSE 23 44.1 52.4 14:02 33.0 23:54 19.1 0.0 0.01 1.4 18.0 23:07 NNW 24 26.3 33.0 00:00 19.1 22:45 38.7 0.0 0.06 4.2 23.0 10:25 N 25 20.6 29.0 15:30 10.0 07:45 44.4 0.0 0.00 1.3 17.0 11:22 NNW 26 30.9 39.4 13:54 21.3 00:00 34.1 0.0 0.24 1.8 15.0 14:03 W 27 34.2 44.5 13:39 21.1 22:06 30.8 0.0 0.25 1.0 16.0 14:36 N 28 28.6 45.2 14:26 18.1 06:32 36.4 0.0 0.00 0.3 9.0 09:34 NE 29 33.9 53.1 14:11 19.2 04:39 31.1 0.0 0.00 0.4 8.0 12:12 SSE 30 40.0 58.4 13:47 25.8 07:40 24.8 0.0 0.00 0.7 9.0 20:47 ESE 31 32.8 46.0 14:33 24.0 07:36 32.2 0.0 0.00 0.4 7.0 01:59 WSW ---------------------------------------------------------------------------------- 37.9 71.5 6 10.0 25 839.8 0.9 0.69 1.2 25.0 2 NW Max >= 90.0: 0 Max <= 32.0: 1 Min <= 32.0: 23 Min <= 0.0: 0 Max Rain: 0.25 on day 27 Days of Rain: 8 (>= 0.01 in) 2 (>= 0.10 in) 0 (>= 1.00 in) Heat Base: 65.0 Cool Base: 65.0 Method: Integration |